Warning: session_start(): Session cannot be started after headers have already been sent in /home/tvrreohg/public_html/manga.php on line 13
199.192.21.156 - - [24/Sep/2026:13:38:49 +0000] "POST /wp-cron.php?doing_wp_cron=1790257129.0186839103698730468750 HTTP/1.1" 200 - "-" "WordPress/7.1.2; https://chevelleborders.designsfunnelserver.com"
199.192.21.156 - - [24/Sep/2026:13:38:51 +0000] "POST /wp-cron.php?doing_wp_cron=1790257131.3718829154968261718750 HTTP/1.1" 200 - "-" "WordPress/7.1.2; https://chevelleborders.designsfunnelserver.com"
194.99.26.19 - - [24/Sep/2026:13:38:44 +0000] "GET /wp-admin/plugins.php HTTP/1.1" 200 59694 "-" "Mozilla/5.0 (Windows NT 10.0; Win64; x64) AppleWebKit/537.36 (KHTML, like Gecko) Chrome/144.0.0.0 Safari/537.36"
194.99.26.19 - - [24/Sep/2026:13:38:51 +0000] "GET /wp-admin/plugins.php HTTP/1.1" 200 59689 "-" "Mozilla/5.0 (Windows NT 10.0; Win64; x64) AppleWebKit/537.36 (KHTML, like Gecko) Chrome/144.0.0.0 Safari/537.36"
194.99.26.19 - - [24/Sep/2026:13:38:54 +0000] "GET /wp-admin/plugins.php HTTP/1.1" 200 59692 "-" "Mozilla/5.0 (Windows NT 10.0; Win64; x64) AppleWebKit/537.36 (KHTML, like Gecko) Chrome/144.0.0.0 Safari/537.36"
194.99.26.19 - - [24/Sep/2026:13:38:57 +0000] "GET /wp-admin/plugin-install.php?tab=upload HTTP/1.1" 200 39185 "-" "Mozilla/5.0 (Windows NT 10.0; Win64; x64) AppleWebKit/537.36 (KHTML, like Gecko) Chrome/144.0.0.0 Safari/537.36"
194.99.26.19 - - [24/Sep/2026:13:39:02 +0000] "GET /wp-admin/admin.php?page=WordfenceWAF&subpage=waf_options HTTP/1.1" 403 1059 "-" "Mozilla/5.0 (Windows NT 10.0; Win64; x64) AppleWebKit/537.36 (KHTML, like Gecko) Chrome/144.0.0.0 Safari/537.36"
194.99.26.19 - - [24/Sep/2026:13:39:06 +0000] "GET /wp-admin/admin.php?page=WordfenceWAF HTTP/1.1" 403 1059 "-" "Mozilla/5.0 (Windows NT 10.0; Win64; x64) AppleWebKit/537.36 (KHTML, like Gecko) Chrome/144.0.0.0 Safari/537.36"
194.99.26.19 - - [24/Sep/2026:13:39:09 +0000] "GET /wp-admin/admin.php?page=Wordfence&subpage=waf_options HTTP/1.1" 403 1059 "-" "Mozilla/5.0 (Windows NT 10.0; Win64; x64) AppleWebKit/537.36 (KHTML, like Gecko) Chrome/144.0.0.0 Safari/537.36"
194.99.26.19 - - [24/Sep/2026:13:39:12 +0000] "POST /wp-admin/admin-ajax.php HTTP/1.1" 400 21 "-" "Mozilla/5.0 (Windows NT 10.0; Win64; x64) AppleWebKit/537.36 (KHTML, like Gecko) Chrome/144.0.0.0 Safari/537.36"
194.99.26.19 - - [24/Sep/2026:13:39:16 +0000] "POST /wp-admin/admin-ajax.php HTTP/1.1" 400 21 "-" "Mozilla/5.0 (Windows NT 10.0; Win64; x64) AppleWebKit/537.36 (KHTML, like Gecko) Chrome/144.0.0.0 Safari/537.36"
194.99.26.19 - - [24/Sep/2026:13:39:19 +0000] "POST /wp-admin/admin-ajax.php HTTP/1.1" 400 21 "-" "Mozilla/5.0 (Windows NT 10.0; Win64; x64) AppleWebKit/537.36 (KHTML, like Gecko) Chrome/144.0.0.0 Safari/537.36"
194.99.26.19 - - [24/Sep/2026:13:39:22 +0000] "POST /wp-admin/admin-ajax.php HTTP/1.1" 400 21 "-" "Mozilla/5.0 (Windows NT 10.0; Win64; x64) AppleWebKit/537.36 (KHTML, like Gecko) Chrome/144.0.0.0 Safari/537.36"
199.192.21.156 - - [24/Sep/2026:13:39:27 +0000] "POST /wp-cron.php?doing_wp_cron=1790257167.7064819335937500000000 HTTP/1.1" 200 - "-" "WordPress/7.1.2; https://chevelleborders.designsfunnelserver.com"
194.99.26.19 - - [24/Sep/2026:13:39:25 +0000] "POST /wp-admin/admin-ajax.php HTTP/1.1" 400 21 "-" "Mozilla/5.0 (Windows NT 10.0; Win64; x64) AppleWebKit/537.36 (KHTML, like Gecko) Chrome/144.0.0.0 Safari/537.36"
194.99.26.19 - - [24/Sep/2026:13:39:28 +0000] "POST /wp-admin/update.php?action=upload-plugin HTTP/1.1" 404 45070 "https://chevelleborders.designsfunnelserver.com/wp-admin/plugin-install.php?tab=upload" "Mozilla/5.0 (Windows NT 10.0; Win64; x64) AppleWebKit/537.36 (KHTML, like Gecko) Chrome/144.0.0.0 Safari/537.36"
88.218.46.82 - - [24/Sep/2026:13:39:34 +0000] "GET /wp-admin/ HTTP/1.1" 200 49128 "-" "Mozilla/5.0 (Windows NT 10.0; Win64; x64) AppleWebKit/537.36 (KHTML, like Gecko) Chrome/144.0.0.0 Safari/537.36"
88.218.46.82 - - [24/Sep/2026:13:39:38 +0000] "GET /wp-admin/theme-editor.php?file=functions.php HTTP/1.1" 200 47470 "-" "Mozilla/5.0 (Windows NT 10.0; Win64; x64) AppleWebKit/537.36 (KHTML, like Gecko) Chrome/144.0.0.0 Safari/537.36"
88.218.46.82 - - [24/Sep/2026:13:39:42 +0000] "POST /wp-admin/theme-editor.php HTTP/1.1" 200 89301 "-" "Mozilla/5.0 (Windows NT 10.0; Win64; x64) AppleWebKit/537.36 (KHTML, like Gecko) Chrome/144.0.0.0 Safari/537.36"
88.218.46.82 - - [24/Sep/2026:13:39:47 +0000] "GET /wp-admin/theme-editor.php?file=functions.php HTTP/1.1" 200 47470 "-" "Mozilla/5.0 (Windows NT 10.0; Win64; x64) AppleWebKit/537.36 (KHTML, like Gecko) Chrome/144.0.0.0 Safari/537.36"
193.151.190.183 - - [24/Sep/2026:13:39:51 +0000] "GET /wp-admin/ HTTP/1.1" 200 49132 "-" "Mozilla/5.0 (Windows NT 10.0; Win64; x64) AppleWebKit/537.36 (KHTML, like Gecko) Chrome/144.0.0.0 Safari/537.36"
193.151.190.183 - - [24/Sep/2026:13:39:54 +0000] "GET /wp-admin/theme-editor.php?file=functions.php HTTP/1.1" 200 47472 "-" "Mozilla/5.0 (Windows NT 10.0; Win64; x64) AppleWebKit/537.36 (KHTML, like Gecko) Chrome/144.0.0.0 Safari/537.36"
193.151.190.183 - - [24/Sep/2026:13:39:57 +0000] "POST /wp-admin/theme-editor.php HTTP/1.1" 200 89303 "-" "Mozilla/5.0 (Windows NT 10.0; Win64; x64) AppleWebKit/537.36 (KHTML, like Gecko) Chrome/144.0.0.0 Safari/537.36"
193.151.190.183 - - [24/Sep/2026:13:40:04 +0000] "GET /wp-admin/theme-editor.php?file=functions.php HTTP/1.1" 200 47471 "-" "Mozilla/5.0 (Windows NT 10.0; Win64; x64) AppleWebKit/537.36 (KHTML, like Gecko) Chrome/144.0.0.0 Safari/537.36"
199.192.21.156 - - [24/Sep/2026:17:54:05 +0000] "POST /wp-cron.php?doing_wp_cron=1790272445.7314879894256591796875 HTTP/1.1" 200 - "-" "WordPress/7.1.2; https://chevelleborders.designsfunnelserver.com"
199.192.21.156 - - [24/Sep/2026:17:54:05 +0000] "POST /wp-cron.php?doing_wp_cron=1790272445.8216910362243652343750 HTTP/1.1" 200 - "-" "WordPress/7.1.2; https://chevelleborders.designsfunnelserver.com"
173.252.95.14 - - [24/Sep/2026:17:54:01 +0000] "GET /robots.txt HTTP/1.1" 206 69 "-" "facebookexternalhit/1.1 (+http://www.facebook.com/externalhit_uatext.php)"
199.192.21.156 - - [24/Sep/2026:17:59:06 +0000] "POST /wp-cron.php?doing_wp_cron=1790272746.5312490463256835937500 HTTP/1.1" 200 - "-" "WordPress/7.1.2; https://chevelleborders.designsfunnelserver.com"
83.97.118.146 - - [24/Sep/2026:17:59:03 +0000] "GET /wp-admin/plugins.php HTTP/1.1" 200 59686 "-" "Mozilla/5.0 (Windows NT 10.0; Win64; x64) AppleWebKit/537.36 (KHTML, like Gecko) Chrome/144.0.0.0 Safari/537.36"
83.97.118.146 - - [24/Sep/2026:17:59:07 +0000] "GET /wp-admin/plugins.php HTTP/1.1" 200 59695 "-" "Mozilla/5.0 (Windows NT 10.0; Win64; x64) AppleWebKit/537.36 (KHTML, like Gecko) Chrome/144.0.0.0 Safari/537.36"
83.97.118.146 - - [24/Sep/2026:17:59:10 +0000] "GET /wp-admin/plugins.php HTTP/1.1" 200 59684 "-" "Mozilla/5.0 (Windows NT 10.0; Win64; x64) AppleWebKit/537.36 (KHTML, like Gecko) Chrome/144.0.0.0 Safari/537.36"
83.97.118.146 - - [24/Sep/2026:17:59:13 +0000] "GET /wp-admin/plugin-install.php?tab=upload HTTP/1.1" 200 39186 "-" "Mozilla/5.0 (Windows NT 10.0; Win64; x64) AppleWebKit/537.36 (KHTML, like Gecko) Chrome/144.0.0.0 Safari/537.36"
83.97.118.146 - - [24/Sep/2026:17:59:15 +0000] "GET /wp-admin/admin.php?page=WordfenceWAF&subpage=waf_options HTTP/1.1" 403 1059 "-" "Mozilla/5.0 (Windows NT 10.0; Win64; x64) AppleWebKit/537.36 (KHTML, like Gecko) Chrome/144.0.0.0 Safari/537.36"
83.97.118.146 - - [24/Sep/2026:17:59:17 +0000] "GET /wp-admin/admin.php?page=WordfenceWAF HTTP/1.1" 403 1059 "-" "Mozilla/5.0 (Windows NT 10.0; Win64; x64) AppleWebKit/537.36 (KHTML, like Gecko) Chrome/144.0.0.0 Safari/537.36"
83.97.118.146 - - [24/Sep/2026:17:59:20 +0000] "GET /wp-admin/admin.php?page=Wordfence&subpage=waf_options HTTP/1.1" 403 1059 "-" "Mozilla/5.0 (Windows NT 10.0; Win64; x64) AppleWebKit/537.36 (KHTML, like Gecko) Chrome/144.0.0.0 Safari/537.36"
83.97.118.146 - - [24/Sep/2026:17:59:22 +0000] "POST /wp-admin/admin-ajax.php HTTP/1.1" 400 21 "-" "Mozilla/5.0 (Windows NT 10.0; Win64; x64) AppleWebKit/537.36 (KHTML, like Gecko) Chrome/144.0.0.0 Safari/537.36"
199.192.21.156 - - [24/Sep/2026:17:59:27 +0000] "POST /wp-cron.php?doing_wp_cron=1790272767.8100891113281250000000 HTTP/1.1" 200 - "-" "WordPress/7.1.2; https://chevelleborders.designsfunnelserver.com"
83.97.118.146 - - [24/Sep/2026:17:59:26 +0000] "POST /wp-admin/admin-ajax.php HTTP/1.1" 400 21 "-" "Mozilla/5.0 (Windows NT 10.0; Win64; x64) AppleWebKit/537.36 (KHTML, like Gecko) Chrome/144.0.0.0 Safari/537.36"
83.97.118.146 - - [24/Sep/2026:17:59:28 +0000] "POST /wp-admin/admin-ajax.php HTTP/1.1" 400 21 "-" "Mozilla/5.0 (Windows NT 10.0; Win64; x64) AppleWebKit/537.36 (KHTML, like Gecko) Chrome/144.0.0.0 Safari/537.36"
83.97.118.146 - - [24/Sep/2026:17:59:31 +0000] "POST /wp-admin/admin-ajax.php HTTP/1.1" 400 21 "-" "Mozilla/5.0 (Windows NT 10.0; Win64; x64) AppleWebKit/537.36 (KHTML, like Gecko) Chrome/144.0.0.0 Safari/537.36"
83.97.118.146 - - [24/Sep/2026:17:59:34 +0000] "POST /wp-admin/admin-ajax.php HTTP/1.1" 400 21 "-" "Mozilla/5.0 (Windows NT 10.0; Win64; x64) AppleWebKit/537.36 (KHTML, like Gecko) Chrome/144.0.0.0 Safari/537.36"
83.97.118.146 - - [24/Sep/2026:17:59:37 +0000] "POST /wp-admin/update.php?action=upload-plugin HTTP/1.1" 404 45083 "https://chevelleborders.designsfunnelserver.com/wp-admin/plugin-install.php?tab=upload" "Mozilla/5.0 (Windows NT 10.0; Win64; x64) AppleWebKit/537.36 (KHTML, like Gecko) Chrome/144.0.0.0 Safari/537.36"
162.252.53.67 - - [24/Sep/2026:17:59:42 +0000] "GET /wp-admin/ HTTP/1.1" 200 49130 "-" "Mozilla/5.0 (Windows NT 10.0; Win64; x64) AppleWebKit/537.36 (KHTML, like Gecko) Chrome/144.0.0.0 Safari/537.36"
162.252.53.67 - - [24/Sep/2026:17:59:45 +0000] "GET /wp-admin/theme-editor.php?file=functions.php HTTP/1.1" 200 47471 "-" "Mozilla/5.0 (Windows NT 10.0; Win64; x64) AppleWebKit/537.36 (KHTML, like Gecko) Chrome/144.0.0.0 Safari/537.36"
162.252.53.67 - - [24/Sep/2026:17:59:48 +0000] "POST /wp-admin/theme-editor.php HTTP/1.1" 200 89301 "-" "Mozilla/5.0 (Windows NT 10.0; Win64; x64) AppleWebKit/537.36 (KHTML, like Gecko) Chrome/144.0.0.0 Safari/537.36"
162.252.53.67 - - [24/Sep/2026:17:59:53 +0000] "GET /wp-admin/theme-editor.php?file=functions.php HTTP/1.1" 200 47471 "-" "Mozilla/5.0 (Windows NT 10.0; Win64; x64) AppleWebKit/537.36 (KHTML, like Gecko) Chrome/144.0.0.0 Safari/537.36"
176.126.111.83 - - [24/Sep/2026:17:59:56 +0000] "GET /wp-admin/ HTTP/1.1" 200 49130 "-" "Mozilla/5.0 (Windows NT 10.0; Win64; x64) AppleWebKit/537.36 (KHTML, like Gecko) Chrome/144.0.0.0 Safari/537.36"
176.126.111.83 - - [24/Sep/2026:17:59:59 +0000] "GET /wp-admin/theme-editor.php?file=functions.php HTTP/1.1" 200 47470 "-" "Mozilla/5.0 (Windows NT 10.0; Win64; x64) AppleWebKit/537.36 (KHTML, like Gecko) Chrome/144.0.0.0 Safari/537.36"
176.126.111.83 - - [24/Sep/2026:18:00:03 +0000] "POST /wp-admin/theme-editor.php HTTP/1.1" 200 89301 "-" "Mozilla/5.0 (Windows NT 10.0; Win64; x64) AppleWebKit/537.36 (KHTML, like Gecko) Chrome/144.0.0.0 Safari/537.36"
176.126.111.83 - - [24/Sep/2026:18:00:10 +0000] "GET /wp-admin/theme-editor.php?file=functions.php HTTP/1.1" 200 47470 "-" "Mozilla/5.0 (Windows NT 10.0; Win64; x64) AppleWebKit/537.36 (KHTML, like Gecko) Chrome/144.0.0.0 Safari/537.36"
199.192.21.156 - - [24/Sep/2026:19:41:10 +0000] "POST /wp-cron.php?doing_wp_cron=1790278870.0077340602874755859375 HTTP/1.1" 200 - "-" "WordPress/7.1.2; https://chevelleborders.designsfunnelserver.com"
199.192.21.156 - - [24/Sep/2026:19:41:11 +0000] "POST /wp-cron.php?doing_wp_cron=1790278871.6428830623626708984375 HTTP/1.1" 200 - "-" "WordPress/7.1.2; https://chevelleborders.designsfunnelserver.com"
34.61.126.6 - - [24/Sep/2026:19:41:05 +0000] "GET /.git/config HTTP/1.1" 404 38172 "-" "-"
199.192.21.156 - - [24/Sep/2026:19:41:14 +0000] "POST /wp-admin/admin-ajax.php?action=wp_1_wc_privacy_cleanup&nonce=7a0b33df9a HTTP/1.1" 200 - "-" "WordPress/7.1.2; https://chevelleborders.designsfunnelserver.com"
199.192.21.156 - - [24/Sep/2026:19:41:15 +0000] "POST /wp-admin/admin-ajax.php?action=wp_gf_personal_data&nonce=bc109668b8&chain_id=1de9a21e-904a-41ce-b4e3-ed7280d49a0c HTTP/1.1" 200 36 "-" "WordPress/7.1.2; https://chevelleborders.designsfunnelserver.com"
199.192.21.156 - - [24/Sep/2026:19:49:00 +0000] "POST /wp-cron.php?doing_wp_cron=1790279340.8973569869995117187500 HTTP/1.1" 200 - "-" "WordPress/7.1.2; https://chevelleborders.designsfunnelserver.com"
194.180.233.67 - - [24/Sep/2026:19:48:57 +0000] "GET /wp-admin/plugins.php HTTP/1.1" 200 59688 "-" "Mozilla/5.0 (Windows NT 10.0; Win64; x64) AppleWebKit/537.36 (KHTML, like Gecko) Chrome/144.0.0.0 Safari/537.36"
194.180.233.67 - - [24/Sep/2026:19:49:01 +0000] "GET /wp-admin/plugins.php HTTP/1.1" 200 59699 "-" "Mozilla/5.0 (Windows NT 10.0; Win64; x64) AppleWebKit/537.36 (KHTML, like Gecko) Chrome/144.0.0.0 Safari/537.36"
194.180.233.67 - - [24/Sep/2026:19:49:04 +0000] "GET /wp-admin/plugin-install.php?tab=upload HTTP/1.1" 200 39187 "-" "Mozilla/5.0 (Windows NT 10.0; Win64; x64) AppleWebKit/537.36 (KHTML, like Gecko) Chrome/144.0.0.0 Safari/537.36"
194.180.233.67 - - [24/Sep/2026:19:49:07 +0000] "GET /wp-admin/admin.php?page=WordfenceWAF&subpage=waf_options HTTP/1.1" 403 1059 "-" "Mozilla/5.0 (Windows NT 10.0; Win64; x64) AppleWebKit/537.36 (KHTML, like Gecko) Chrome/144.0.0.0 Safari/537.36"
194.180.233.67 - - [24/Sep/2026:19:49:09 +0000] "GET /wp-admin/admin.php?page=WordfenceWAF HTTP/1.1" 403 1059 "-" "Mozilla/5.0 (Windows NT 10.0; Win64; x64) AppleWebKit/537.36 (KHTML, like Gecko) Chrome/144.0.0.0 Safari/537.36"
194.180.233.67 - - [24/Sep/2026:19:49:11 +0000] "GET /wp-admin/admin.php?page=Wordfence&subpage=waf_options HTTP/1.1" 403 1059 "-" "Mozilla/5.0 (Windows NT 10.0; Win64; x64) AppleWebKit/537.36 (KHTML, like Gecko) Chrome/144.0.0.0 Safari/537.36"
194.180.233.67 - - [24/Sep/2026:19:49:14 +0000] "POST /wp-admin/admin-ajax.php HTTP/1.1" 400 21 "-" "Mozilla/5.0 (Windows NT 10.0; Win64; x64) AppleWebKit/537.36 (KHTML, like Gecko) Chrome/144.0.0.0 Safari/537.36"
194.180.233.67 - - [24/Sep/2026:19:49:17 +0000] "POST /wp-admin/admin-ajax.php HTTP/1.1" 400 21 "-" "Mozilla/5.0 (Windows NT 10.0; Win64; x64) AppleWebKit/537.36 (KHTML, like Gecko) Chrome/144.0.0.0 Safari/537.36"
194.180.233.67 - - [24/Sep/2026:19:49:20 +0000] "POST /wp-admin/admin-ajax.php HTTP/1.1" 400 21 "-" "Mozilla/5.0 (Windows NT 10.0; Win64; x64) AppleWebKit/537.36 (KHTML, like Gecko) Chrome/144.0.0.0 Safari/537.36"
194.180.233.67 - - [24/Sep/2026:19:49:24 +0000] "POST /wp-admin/admin-ajax.php HTTP/1.1" 400 21 "-" "Mozilla/5.0 (Windows NT 10.0; Win64; x64) AppleWebKit/537.36 (KHTML, like Gecko) Chrome/144.0.0.0 Safari/537.36"
194.180.233.67 - - [24/Sep/2026:19:49:27 +0000] "POST /wp-admin/admin-ajax.php HTTP/1.1" 400 21 "-" "Mozilla/5.0 (Windows NT 10.0; Win64; x64) AppleWebKit/537.36 (KHTML, like Gecko) Chrome/144.0.0.0 Safari/537.36"
194.180.233.67 - - [24/Sep/2026:19:49:31 +0000] "POST /wp-admin/update.php?action=upload-plugin HTTP/1.1" 404 45079 "https://chevelleborders.designsfunnelserver.com/wp-admin/plugin-install.php?tab=upload" "Mozilla/5.0 (Windows NT 10.0; Win64; x64) AppleWebKit/537.36 (KHTML, like Gecko) Chrome/144.0.0.0 Safari/537.36"
192.101.65.212 - - [24/Sep/2026:19:49:36 +0000] "GET /wp-admin/ HTTP/1.1" 200 49131 "-" "Mozilla/5.0 (Windows NT 10.0; Win64; x64) AppleWebKit/537.36 (KHTML, like Gecko) Chrome/144.0.0.0 Safari/537.36"
192.101.65.212 - - [24/Sep/2026:19:49:39 +0000] "GET /wp-admin/theme-editor.php?file=functions.php HTTP/1.1" 200 47471 "-" "Mozilla/5.0 (Windows NT 10.0; Win64; x64) AppleWebKit/537.36 (KHTML, like Gecko) Chrome/144.0.0.0 Safari/537.36"
192.101.65.212 - - [24/Sep/2026:19:49:42 +0000] "POST /wp-admin/theme-editor.php HTTP/1.1" 200 89302 "-" "Mozilla/5.0 (Windows NT 10.0; Win64; x64) AppleWebKit/537.36 (KHTML, like Gecko) Chrome/144.0.0.0 Safari/537.36"
192.101.65.212 - - [24/Sep/2026:19:49:47 +0000] "GET /wp-admin/theme-editor.php?file=functions.php HTTP/1.1" 200 47471 "-" "Mozilla/5.0 (Windows NT 10.0; Win64; x64) AppleWebKit/537.36 (KHTML, like Gecko) Chrome/144.0.0.0 Safari/537.36"
199.192.21.156 - - [24/Sep/2026:23:16:09 +0000] "POST /wp-cron.php?doing_wp_cron=1790291769.7998878955841064453125 HTTP/1.1" 200 - "-" "WordPress/7.1.2; https://chevelleborders.designsfunnelserver.com"
199.192.21.156 - - [24/Sep/2026:23:16:09 +0000] "POST /wp-cron.php?doing_wp_cron=1790291769.7998659610748291015625 HTTP/1.1" 200 - "-" "WordPress/7.1.2; https://chevelleborders.designsfunnelserver.com"
199.192.21.156 - - [24/Sep/2026:23:16:09 +0000] "POST /wp-cron.php?doing_wp_cron=1790291769.9545218944549560546875 HTTP/1.1" 200 - "-" "WordPress/7.1.2; https://chevelleborders.designsfunnelserver.com"
74.7.175.167 - - [24/Sep/2026:23:16:05 +0000] "GET /robots.txt HTTP/1.1" 200 69 "-" "Mozilla/5.0 (Macintosh; Intel Mac OS X 10_15_7) AppleWebKit/537.36 (KHTML, like Gecko) Chrome/131.0.0.0 Safari/537.36; compatible; OAI-SearchBot/1.4; robots.txt; +https://openai.com/searchbot"
199.192.21.156 - - [24/Sep/2026:23:16:12 +0000] "POST /wp-cron.php?doing_wp_cron=1790291772.5403480529785156250000 HTTP/1.1" 200 - "-" "WordPress/7.1.2; https://chevelleborders.designsfunnelserver.com"
74.7.242.58 - - [24/Sep/2026:23:16:05 +0000] "GET /wp-sitemap.xml HTTP/1.1" 404 38181 "-" "Mozilla/5.0 AppleWebKit/537.36 (KHTML, like Gecko; compatible; GPTBot/1.4; +https://openai.com/gptbot)"
199.192.21.156 - - [24/Sep/2026:23:49:16 +0000] "POST /wp-cron.php?doing_wp_cron=1790293756.6973519325256347656250 HTTP/1.1" 200 - "-" "WordPress/7.1.2; https://chevelleborders.designsfunnelserver.com"
74.7.242.62 - - [24/Sep/2026:23:49:12 +0000] "GET /wp-sitemap.xml HTTP/1.1" 404 38180 "-" "Mozilla/5.0 AppleWebKit/537.36 (KHTML, like Gecko; compatible; GPTBot/1.4; +https://openai.com/gptbot)"
199.192.21.156 - - [25/Sep/2026:04:18:15 +0000] "POST /wp-cron.php?doing_wp_cron=1790309895.7012178897857666015625 HTTP/1.1" 200 - "-" "WordPress/7.1.2; https://chevelleborders.designsfunnelserver.com"
106.63.26.21 - - [25/Sep/2026:04:18:09 +0000] "GET / HTTP/1.1" 200 292638 "-" "Mozilla/5.0 (Macintosh; Intel Mac OS X 10_15_7) AppleWebKit/537.36 (KHTML, like Gecko) Chrome/120.0.0.0 Safari/537.36 Edg/120.0.0.0"
199.192.21.156 - - [25/Sep/2026:05:20:31 +0000] "POST /wp-cron.php?doing_wp_cron=1790313631.1700251102447509765625 HTTP/1.1" 200 - "-" "WordPress/7.1.2; https://chevelleborders.designsfunnelserver.com"
199.192.21.156 - - [25/Sep/2026:05:20:31 +0000] "POST /wp-cron.php?doing_wp_cron=1790313631.2617969512939453125000 HTTP/1.1" 200 - "-" "WordPress/7.1.2; https://chevelleborders.designsfunnelserver.com"
216.73.216.6 - - [25/Sep/2026:05:20:26 +0000] "GET /robots.txt HTTP/1.1" 200 69 "-" "Mozilla/5.0 AppleWebKit/537.36 (KHTML, like Gecko; compatible; ClaudeBot/1.0; +claudebot@anthropic.com)"
216.73.216.6 - - [25/Sep/2026:05:20:32 +0000] "GET /wp-content/maintenance/assets/timer.js HTTP/1.1" 200 508 "-" "Mozilla/5.0 AppleWebKit/537.36 (KHTML, like Gecko; compatible; ClaudeBot/1.0; +claudebot@anthropic.com)"
216.73.216.6 - - [25/Sep/2026:05:20:32 +0000] "GET /wp-content/maintenance/assets/styles.css HTTP/1.1" 200 943 "-" "Mozilla/5.0 AppleWebKit/537.36 (KHTML, like Gecko; compatible; ClaudeBot/1.0; +claudebot@anthropic.com)"
216.73.216.6 - - [25/Sep/2026:05:24:06 +0000] "GET /wp-content/maintenance/assets/images/facebook.svg HTTP/1.1" 200 290 "-" "Mozilla/5.0 AppleWebKit/537.36 (KHTML, like Gecko; compatible; ClaudeBot/1.0; +claudebot@anthropic.com)"
199.192.21.156 - - [25/Sep/2026:05:54:15 +0000] "POST /wp-cron.php?doing_wp_cron=1790315655.0773448944091796875000 HTTP/1.1" 200 - "-" "WordPress/7.1.2; https://chevelleborders.designsfunnelserver.com"
199.192.21.156 - - [25/Sep/2026:05:54:27 +0000] "POST /wp-cron.php?doing_wp_cron=1790315667.2304620742797851562500 HTTP/1.1" 200 - "-" "WordPress/7.1.2; https://chevelleborders.designsfunnelserver.com"
199.192.21.156 - - [25/Sep/2026:06:06:19 +0000] "POST /wp-cron.php?doing_wp_cron=1790316379.8832180500030517578125 HTTP/1.1" 200 - "-" "WordPress/7.1.2; https://chevelleborders.designsfunnelserver.com"
199.192.21.156 - - [25/Sep/2026:07:46:54 +0000] "POST /wp-cron.php?doing_wp_cron=1790322414.6668159961700439453125 HTTP/1.1" 200 - "-" "WordPress/7.1.2; https://chevelleborders.designsfunnelserver.com"
199.192.21.156 - - [25/Sep/2026:07:46:56 +0000] "POST /wp-cron.php?doing_wp_cron=1790322415.9935019016265869140625 HTTP/1.1" 200 - "-" "WordPress/7.1.2; https://chevelleborders.designsfunnelserver.com"
162.252.52.39 - - [25/Sep/2026:07:46:50 +0000] "GET /wp-admin/plugins.php HTTP/1.1" 200 59684 "-" "Mozilla/5.0 (Windows NT 10.0; Win64; x64) AppleWebKit/537.36 (KHTML, like Gecko) Chrome/144.0.0.0 Safari/537.36"
162.252.52.39 - - [25/Sep/2026:07:46:56 +0000] "GET /wp-admin/plugins.php HTTP/1.1" 200 59680 "-" "Mozilla/5.0 (Windows NT 10.0; Win64; x64) AppleWebKit/537.36 (KHTML, like Gecko) Chrome/144.0.0.0 Safari/537.36"
162.252.52.39 - - [25/Sep/2026:07:46:59 +0000] "GET /wp-admin/plugins.php HTTP/1.1" 200 59691 "-" "Mozilla/5.0 (Windows NT 10.0; Win64; x64) AppleWebKit/537.36 (KHTML, like Gecko) Chrome/144.0.0.0 Safari/537.36"
162.252.52.39 - - [25/Sep/2026:07:47:01 +0000] "GET /wp-admin/plugin-install.php?tab=upload HTTP/1.1" 200 39186 "-" "Mozilla/5.0 (Windows NT 10.0; Win64; x64) AppleWebKit/537.36 (KHTML, like Gecko) Chrome/144.0.0.0 Safari/537.36"
162.252.52.39 - - [25/Sep/2026:07:47:05 +0000] "GET /wp-admin/admin.php?page=WordfenceWAF&subpage=waf_options HTTP/1.1" 403 1059 "-" "Mozilla/5.0 (Windows NT 10.0; Win64; x64) AppleWebKit/537.36 (KHTML, like Gecko) Chrome/144.0.0.0 Safari/537.36"
162.252.52.39 - - [25/Sep/2026:07:47:07 +0000] "GET /wp-admin/admin.php?page=WordfenceWAF HTTP/1.1" 403 1059 "-" "Mozilla/5.0 (Windows NT 10.0; Win64; x64) AppleWebKit/537.36 (KHTML, like Gecko) Chrome/144.0.0.0 Safari/537.36"
162.252.52.39 - - [25/Sep/2026:07:47:09 +0000] "GET /wp-admin/admin.php?page=Wordfence&subpage=waf_options HTTP/1.1" 403 1059 "-" "Mozilla/5.0 (Windows NT 10.0; Win64; x64) AppleWebKit/537.36 (KHTML, like Gecko) Chrome/144.0.0.0 Safari/537.36"
162.252.52.39 - - [25/Sep/2026:07:47:12 +0000] "POST /wp-admin/admin-ajax.php HTTP/1.1" 400 21 "-" "Mozilla/5.0 (Windows NT 10.0; Win64; x64) AppleWebKit/537.36 (KHTML, like Gecko) Chrome/144.0.0.0 Safari/537.36"
162.252.52.39 - - [25/Sep/2026:07:47:15 +0000] "POST /wp-admin/admin-ajax.php HTTP/1.1" 400 21 "-" "Mozilla/5.0 (Windows NT 10.0; Win64; x64) AppleWebKit/537.36 (KHTML, like Gecko) Chrome/144.0.0.0 Safari/537.36"
162.252.52.39 - - [25/Sep/2026:07:47:18 +0000] "POST /wp-admin/admin-ajax.php HTTP/1.1" 400 21 "-" "Mozilla/5.0 (Windows NT 10.0; Win64; x64) AppleWebKit/537.36 (KHTML, like Gecko) Chrome/144.0.0.0 Safari/537.36"
162.252.52.39 - - [25/Sep/2026:07:47:21 +0000] "POST /wp-admin/admin-ajax.php HTTP/1.1" 400 21 "-" "Mozilla/5.0 (Windows NT 10.0; Win64; x64) AppleWebKit/537.36 (KHTML, like Gecko) Chrome/144.0.0.0 Safari/537.36"
162.252.52.39 - - [25/Sep/2026:07:47:24 +0000] "POST /wp-admin/admin-ajax.php HTTP/1.1" 400 21 "-" "Mozilla/5.0 (Windows NT 10.0; Win64; x64) AppleWebKit/537.36 (KHTML, like Gecko) Chrome/144.0.0.0 Safari/537.36"
199.192.21.156 - - [25/Sep/2026:07:47:31 +0000] "POST /wp-cron.php?doing_wp_cron=1790322451.1694769859313964843750 HTTP/1.1" 200 - "-" "WordPress/7.1.2; https://chevelleborders.designsfunnelserver.com"
162.252.52.39 - - [25/Sep/2026:07:47:27 +0000] "POST /wp-admin/update.php?action=upload-plugin HTTP/1.1" 404 45083 "https://chevelleborders.designsfunnelserver.com/wp-admin/plugin-install.php?tab=upload" "Mozilla/5.0 (Windows NT 10.0; Win64; x64) AppleWebKit/537.36 (KHTML, like Gecko) Chrome/144.0.0.0 Safari/537.36"
91.132.198.71 - - [25/Sep/2026:07:47:33 +0000] "GET /wp-admin/ HTTP/1.1" 200 49134 "-" "Mozilla/5.0 (Windows NT 10.0; Win64; x64) AppleWebKit/537.36 (KHTML, like Gecko) Chrome/144.0.0.0 Safari/537.36"
91.132.198.71 - - [25/Sep/2026:07:47:36 +0000] "GET /wp-admin/theme-editor.php?file=functions.php HTTP/1.1" 200 47474 "-" "Mozilla/5.0 (Windows NT 10.0; Win64; x64) AppleWebKit/537.36 (KHTML, like Gecko) Chrome/144.0.0.0 Safari/537.36"
91.132.198.71 - - [25/Sep/2026:07:47:39 +0000] "POST /wp-admin/theme-editor.php HTTP/1.1" 200 89301 "-" "Mozilla/5.0 (Windows NT 10.0; Win64; x64) AppleWebKit/537.36 (KHTML, like Gecko) Chrome/144.0.0.0 Safari/537.36"
91.132.198.71 - - [25/Sep/2026:07:47:44 +0000] "GET /wp-admin/theme-editor.php?file=functions.php HTTP/1.1" 200 47473 "-" "Mozilla/5.0 (Windows NT 10.0; Win64; x64) AppleWebKit/537.36 (KHTML, like Gecko) Chrome/144.0.0.0 Safari/537.36"
140.235.170.44 - - [25/Sep/2026:07:47:48 +0000] "GET /wp-admin/ HTTP/1.1" 200 49133 "-" "Mozilla/5.0 (Windows NT 10.0; Win64; x64) AppleWebKit/537.36 (KHTML, like Gecko) Chrome/144.0.0.0 Safari/537.36"
140.235.170.44 - - [25/Sep/2026:07:47:51 +0000] "GET /wp-admin/theme-editor.php?file=functions.php HTTP/1.1" 200 47473 "-" "Mozilla/5.0 (Windows NT 10.0; Win64; x64) AppleWebKit/537.36 (KHTML, like Gecko) Chrome/144.0.0.0 Safari/537.36"
140.235.170.44 - - [25/Sep/2026:07:47:54 +0000] "POST /wp-admin/theme-editor.php HTTP/1.1" 200 89301 "-" "Mozilla/5.0 (Windows NT 10.0; Win64; x64) AppleWebKit/537.36 (KHTML, like Gecko) Chrome/144.0.0.0 Safari/537.36"
199.192.21.156 - - [25/Sep/2026:07:48:02 +0000] "POST /wp-cron.php?doing_wp_cron=1790322482.3227169513702392578125 HTTP/1.1" 200 - "-" "WordPress/7.1.2; https://chevelleborders.designsfunnelserver.com"
140.235.170.44 - - [25/Sep/2026:07:47:59 +0000] "GET /wp-admin/theme-editor.php?file=functions.php HTTP/1.1" 200 47473 "-" "Mozilla/5.0 (Windows NT 10.0; Win64; x64) AppleWebKit/537.36 (KHTML, like Gecko) Chrome/144.0.0.0 Safari/537.36"
199.192.21.156 - - [25/Sep/2026:09:38:46 +0000] "POST /wp-cron.php?doing_wp_cron=1790329126.9448730945587158203125 HTTP/1.1" 200 - "-" "WordPress/7.1.2; https://chevelleborders.designsfunnelserver.com"
199.192.21.156 - - [25/Sep/2026:09:38:47 +0000] "POST /wp-cron.php?doing_wp_cron=1790329127.0335888862609863281250 HTTP/1.1" 200 - "-" "WordPress/7.1.2; https://chevelleborders.designsfunnelserver.com"
216.73.216.6 - - [25/Sep/2026:09:38:43 +0000] "GET /robots.txt HTTP/1.1" 200 69 "-" "Mozilla/5.0 AppleWebKit/537.36 (KHTML, like Gecko; compatible; ClaudeBot/1.0; +claudebot@anthropic.com)"
216.73.216.6 - - [25/Sep/2026:09:39:15 +0000] "GET /wp-content/maintenance/assets/images/instagram.svg HTTP/1.1" 200 522 "-" "Mozilla/5.0 AppleWebKit/537.36 (KHTML, like Gecko; compatible; ClaudeBot/1.0; +claudebot@anthropic.com)"