146.70.102.13 - - [01/Dec/2025:18:35:37 +0000] "GET /wp-content/plugins/royal-elementor-addons/assets/js/admin/lib/confetti/confetti.min.js?ver=6.8.3 HTTP/1.1" 200 3155 "https://peggy.designsfunnelserver.com/wp-admin/?admin_email_remind_later=1" "Mozilla/5.0 (Windows NT 10.0; Win64; x64) AppleWebKit/537.36 (KHTML, like Gecko) Chrome/142.0.0.0 Safari/537.36"
146.70.102.13 - - [01/Dec/2025:18:35:37 +0000] "GET /wp-content/plugins/yith-woocommerce-wishlist/plugin-fw/assets/js/yith-dashboard.min.js?ver=4.0.2 HTTP/1.1" 200 374 "https://peggy.designsfunnelserver.com/wp-admin/?admin_email_remind_later=1" "Mozilla/5.0 (Windows NT 10.0; Win64; x64) AppleWebKit/537.36 (KHTML, like Gecko) Chrome/142.0.0.0 Safari/537.36"
146.70.102.13 - - [01/Dec/2025:18:35:37 +0000] "GET /wp-content/plugins/bookly-responsive-appointment-booking-tool/backend/components/dashboard/appointments/resources/js/chart.min.js?ver=21.1 HTTP/1.1" 200 65481 "https://peggy.designsfunnelserver.com/wp-admin/?admin_email_remind_later=1" "Mozilla/5.0 (Windows NT 10.0; Win64; x64) AppleWebKit/537.36 (KHTML, like Gecko) Chrome/142.0.0.0 Safari/537.36"
146.70.102.13 - - [01/Dec/2025:18:35:37 +0000] "GET /wp-content/plugins/bookly-responsive-appointment-booking-tool/backend/components/dashboard/appointments/resources/js/appointments-dashboard.js?ver=21.1 HTTP/1.1" 200 1614 "https://peggy.designsfunnelserver.com/wp-admin/?admin_email_remind_later=1" "Mozilla/5.0 (Windows NT 10.0; Win64; x64) AppleWebKit/537.36 (KHTML, like Gecko) Chrome/142.0.0.0 Safari/537.36"
146.70.102.13 - - [01/Dec/2025:18:35:37 +0000] "GET /wp-json/wp/v2/ HTTP/1.1" 404 - "https://peggy.designsfunnelserver.com/wp-admin/" "Mozilla/5.0 (Windows NT 10.0; Win64; x64) AppleWebKit/537.36 (KHTML, like Gecko) Chrome/142.0.0.0 Safari/537.36"
146.70.102.13 - - [01/Dec/2025:18:35:37 +0000] "GET /wp-content/plugins/woocommerce/assets/images/dashboard-widget-setup.png HTTP/1.1" 200 5430 "https://peggy.designsfunnelserver.com/wp-admin/?admin_email_remind_later=1" "Mozilla/5.0 (Windows NT 10.0; Win64; x64) AppleWebKit/537.36 (KHTML, like Gecko) Chrome/142.0.0.0 Safari/537.36"
146.70.102.13 - - [01/Dec/2025:18:35:38 +0000] "GET /wp-includes/js/wp-emoji-release.min.js?ver=6.8.3 HTTP/1.1" 200 5163 "https://peggy.designsfunnelserver.com/wp-admin/" "Mozilla/5.0 (Windows NT 10.0; Win64; x64) AppleWebKit/537.36 (KHTML, like Gecko) Chrome/142.0.0.0 Safari/537.36"
146.70.102.13 - - [01/Dec/2025:18:35:38 +0000] "GET /wp-includes/js/thickbox/loadingAnimation.gif HTTP/1.1" 200 15238 "https://peggy.designsfunnelserver.com/wp-admin/" "Mozilla/5.0 (Windows NT 10.0; Win64; x64) AppleWebKit/537.36 (KHTML, like Gecko) Chrome/142.0.0.0 Safari/537.36"
146.70.102.13 - - [01/Dec/2025:18:35:38 +0000] "POST /wp-admin/admin-ajax.php HTTP/1.1" 200 111 "https://peggy.designsfunnelserver.com/wp-admin/" "Mozilla/5.0 (Windows NT 10.0; Win64; x64) AppleWebKit/537.36 (KHTML, like Gecko) Chrome/142.0.0.0 Safari/537.36"
146.70.102.13 - - [01/Dec/2025:18:35:38 +0000] "GET /wp-admin/admin-ajax.php?action=dashboard-widgets&widget=dashboard_primary&pagenow=dashboard HTTP/1.1" 200 392 "https://peggy.designsfunnelserver.com/wp-admin/" "Mozilla/5.0 (Windows NT 10.0; Win64; x64) AppleWebKit/537.36 (KHTML, like Gecko) Chrome/142.0.0.0 Safari/537.36"
199.192.21.156 - - [01/Dec/2025:18:35:46 +0000] "POST /wp-cron.php?doing_wp_cron=1764614146.3750939369201660156250 HTTP/1.1" 200 - "-" "WordPress/6.8.3; https://peggy.designsfunnelserver.com"
146.70.102.13 - - [01/Dec/2025:18:35:38 +0000] "POST /wp-admin/admin-ajax.php HTTP/1.1" 200 317 "https://peggy.designsfunnelserver.com/wp-admin/" "Mozilla/5.0 (Windows NT 10.0; Win64; x64) AppleWebKit/537.36 (KHTML, like Gecko) Chrome/142.0.0.0 Safari/537.36"
146.70.102.13 - - [01/Dec/2025:18:35:42 +0000] "GET /wp-admin/plugin-install.php HTTP/1.1" 200 36721 "https://peggy.designsfunnelserver.com/wp-admin/" "Mozilla/5.0 (Windows NT 10.0; Win64; x64) AppleWebKit/537.36 (KHTML, like Gecko) Chrome/142.0.0.0 Safari/537.36"
146.70.102.13 - - [01/Dec/2025:18:35:50 +0000] "GET /wp-admin/load-styles.php?c=0&dir=ltr&load%5Bchunk_0%5D=dashicons,admin-bar,common,forms,admin-menu,dashboard,list-tables,edit,revisions,media,themes,about,nav-menus,wp-pointer,widgets&load%5Bchunk_1%5D=,site-icon,l10n,buttons,wp-auth-check,wp-color-picker,wp-jquery-ui-dialog&ver=6.8.3 HTTP/1.1" 200 103230 "https://peggy.designsfunnelserver.com/wp-admin/plugin-install.php" "Mozilla/5.0 (Windows NT 10.0; Win64; x64) AppleWebKit/537.36 (KHTML, like Gecko) Chrome/142.0.0.0 Safari/537.36"
146.70.102.13 - - [01/Dec/2025:18:35:50 +0000] "GET /wp-admin/load-scripts.php?c=0&load%5Bchunk_0%5D=jquery-core,jquery-migrate,utils&ver=6.8.3 HTTP/1.1" 200 35062 "https://peggy.designsfunnelserver.com/wp-admin/plugin-install.php" "Mozilla/5.0 (Windows NT 10.0; Win64; x64) AppleWebKit/537.36 (KHTML, like Gecko) Chrome/142.0.0.0 Safari/537.36"
146.70.102.13 - - [01/Dec/2025:18:35:50 +0000] "GET /wp-includes/js/jquery/ui/core.min.js?ver=1.13.3 HTTP/1.1" 200 7106 "https://peggy.designsfunnelserver.com/wp-admin/plugin-install.php" "Mozilla/5.0 (Windows NT 10.0; Win64; x64) AppleWebKit/537.36 (KHTML, like Gecko) Chrome/142.0.0.0 Safari/537.36"
146.70.102.13 - - [01/Dec/2025:18:35:52 +0000] "GET /wp-admin/images/spinner.gif HTTP/1.1" 200 3656 "https://peggy.designsfunnelserver.com/wp-admin/load-styles.php?c=0&dir=ltr&load%5Bchunk_0%5D=dashicons,admin-bar,common,forms,admin-menu,dashboard,list-tables,edit,revisions,media,themes,about,nav-menus,wp-pointer,widgets&load%5Bchunk_1%5D=,site-icon,l10n,buttons,wp-auth-check,wp-color-picker,wp-jquery-ui-dialog&ver=6.8.3" "Mozilla/5.0 (Windows NT 10.0; Win64; x64) AppleWebKit/537.36 (KHTML, like Gecko) Chrome/142.0.0.0 Safari/537.36"
146.70.102.13 - - [01/Dec/2025:18:35:52 +0000] "GET /wp-json/wp/v2/ HTTP/1.1" 404 - "https://peggy.designsfunnelserver.com/wp-admin/plugin-install.php" "Mozilla/5.0 (Windows NT 10.0; Win64; x64) AppleWebKit/537.36 (KHTML, like Gecko) Chrome/142.0.0.0 Safari/537.36"
199.192.21.156 - - [01/Dec/2025:18:35:49 +0000] "POST /wp-admin/admin-ajax.php?action=as_async_request_queue_runner&nonce=84c451c000 HTTP/1.1" 200 - "-" "WordPress/6.8.3; https://peggy.designsfunnelserver.com"
146.70.102.13 - - [01/Dec/2025:18:36:04 +0000] "POST /wp-admin/admin-ajax.php HTTP/1.1" 200 2587 "https://peggy.designsfunnelserver.com/wp-admin/plugin-install.php?s=wpvivid&tab=search&type=term" "Mozilla/5.0 (Windows NT 10.0; Win64; x64) AppleWebKit/537.36 (KHTML, like Gecko) Chrome/142.0.0.0 Safari/537.36"
146.70.102.13 - - [01/Dec/2025:18:36:10 +0000] "POST /wp-admin/admin-ajax.php HTTP/1.1" 200 238 "https://peggy.designsfunnelserver.com/wp-admin/plugin-install.php?s=wpvivid&tab=search&type=term" "Mozilla/5.0 (Windows NT 10.0; Win64; x64) AppleWebKit/537.36 (KHTML, like Gecko) Chrome/142.0.0.0 Safari/537.36"
146.70.102.13 - - [01/Dec/2025:18:36:18 +0000] "POST /wp-admin/admin-ajax.php HTTP/1.1" 200 231 "https://peggy.designsfunnelserver.com/wp-admin/plugin-install.php?s=wpvivid&tab=search&type=term" "Mozilla/5.0 (Windows NT 10.0; Win64; x64) AppleWebKit/537.36 (KHTML, like Gecko) Chrome/142.0.0.0 Safari/537.36"
146.70.102.13 - - [01/Dec/2025:18:36:26 +0000] "GET /wp-admin/plugins.php?_wpnonce=434d8563be&action=activate&plugin=wpvivid-backuprestore/wpvivid-backuprestore.php HTTP/1.1" 302 - "https://peggy.designsfunnelserver.com/wp-admin/plugin-install.php?s=wpvivid&tab=search&type=term" "Mozilla/5.0 (Windows NT 10.0; Win64; x64) AppleWebKit/537.36 (KHTML, like Gecko) Chrome/142.0.0.0 Safari/537.36"
146.70.102.13 - - [01/Dec/2025:18:36:30 +0000] "GET /wp-admin/plugins.php?activate=true&plugin_status=all&paged=1&s= HTTP/1.1" 302 62057 "https://peggy.designsfunnelserver.com/wp-admin/plugin-install.php?s=wpvivid&tab=search&type=term" "Mozilla/5.0 (Windows NT 10.0; Win64; x64) AppleWebKit/537.36 (KHTML, like Gecko) Chrome/142.0.0.0 Safari/537.36"
146.70.102.13 - - [01/Dec/2025:18:36:34 +0000] "GET /wp-admin/admin.php?page=WPvivid HTTP/1.1" 200 74570 "https://peggy.designsfunnelserver.com/wp-admin/plugin-install.php?s=wpvivid&tab=search&type=term" "Mozilla/5.0 (Windows NT 10.0; Win64; x64) AppleWebKit/537.36 (KHTML, like Gecko) Chrome/142.0.0.0 Safari/537.36"
146.70.102.13 - - [01/Dec/2025:18:36:38 +0000] "GET /wp-content/plugins/wpvivid-backuprestore/admin/css/wpvivid-admin.css?ver=0.9.121 HTTP/1.1" 200 2203 "https://peggy.designsfunnelserver.com/wp-admin/admin.php?page=WPvivid" "Mozilla/5.0 (Windows NT 10.0; Win64; x64) AppleWebKit/537.36 (KHTML, like Gecko) Chrome/142.0.0.0 Safari/537.36"
146.70.102.13 - - [01/Dec/2025:18:36:38 +0000] "GET /wp-content/plugins/wpvivid-backuprestore/admin/css/wpvivid-snapshot-style.css?ver=0.9.121 HTTP/1.1" 200 3938 "https://peggy.designsfunnelserver.com/wp-admin/admin.php?page=WPvivid" "Mozilla/5.0 (Windows NT 10.0; Win64; x64) AppleWebKit/537.36 (KHTML, like Gecko) Chrome/142.0.0.0 Safari/537.36"
146.70.102.13 - - [01/Dec/2025:18:36:38 +0000] "GET /wp-content/plugins/wpvivid-backuprestore/admin/js/jstree/dist/jstree.min.js?ver=0.9.121 HTTP/1.1" 200 32526 "https://peggy.designsfunnelserver.com/wp-admin/admin.php?page=WPvivid" "Mozilla/5.0 (Windows NT 10.0; Win64; x64) AppleWebKit/537.36 (KHTML, like Gecko) Chrome/142.0.0.0 Safari/537.36"
146.70.102.13 - - [01/Dec/2025:18:36:38 +0000] "GET /wp-content/plugins/wpvivid-backuprestore/admin/js/wpvivid-admin.js?ver=0.9.121 HTTP/1.1" 200 5420 "https://peggy.designsfunnelserver.com/wp-admin/admin.php?page=WPvivid" "Mozilla/5.0 (Windows NT 10.0; Win64; x64) AppleWebKit/537.36 (KHTML, like Gecko) Chrome/142.0.0.0 Safari/537.36"
146.70.102.13 - - [01/Dec/2025:18:36:39 +0000] "GET /wp-content/plugins/wpvivid-backuprestore/admin/partials/images/delete-tab.png HTTP/1.1" 200 1136 "https://peggy.designsfunnelserver.com/wp-admin/admin.php?page=WPvivid" "Mozilla/5.0 (Windows NT 10.0; Win64; x64) AppleWebKit/537.36 (KHTML, like Gecko) Chrome/142.0.0.0 Safari/537.36"
146.70.102.13 - - [01/Dec/2025:18:36:39 +0000] "GET /wp-admin/load-scripts.php?c=0&load%5Bchunk_0%5D=jquery-core,jquery-migrate,utils,moxiejs,plupload&ver=6.8.3 HTTP/1.1" 200 66849 "https://peggy.designsfunnelserver.com/wp-admin/admin.php?page=WPvivid" "Mozilla/5.0 (Windows NT 10.0; Win64; x64) AppleWebKit/537.36 (KHTML, like Gecko) Chrome/142.0.0.0 Safari/537.36"
146.70.102.13 - - [01/Dec/2025:18:36:39 +0000] "GET /wp-content/plugins/wpvivid-backuprestore/admin/partials/images/storage-ftp(gray).png HTTP/1.1" 200 1161 "https://peggy.designsfunnelserver.com/wp-admin/admin.php?page=WPvivid" "Mozilla/5.0 (Windows NT 10.0; Win64; x64) AppleWebKit/537.36 (KHTML, like Gecko) Chrome/142.0.0.0 Safari/537.36"
146.70.102.13 - - [01/Dec/2025:18:36:39 +0000] "GET /wp-content/plugins/wpvivid-backuprestore/admin/partials/images/storage-sftp(gray).png HTTP/1.1" 200 1243 "https://peggy.designsfunnelserver.com/wp-admin/admin.php?page=WPvivid" "Mozilla/5.0 (Windows NT 10.0; Win64; x64) AppleWebKit/537.36 (KHTML, like Gecko) Chrome/142.0.0.0 Safari/537.36"
146.70.102.13 - - [01/Dec/2025:18:36:40 +0000] "GET /wp-content/plugins/wpvivid-backuprestore/admin/partials/images/stroage-google-drive(gray).png HTTP/1.1" 200 1473 "https://peggy.designsfunnelserver.com/wp-admin/admin.php?page=WPvivid" "Mozilla/5.0 (Windows NT 10.0; Win64; x64) AppleWebKit/537.36 (KHTML, like Gecko) Chrome/142.0.0.0 Safari/537.36"
146.70.102.13 - - [01/Dec/2025:18:36:40 +0000] "GET /wp-content/plugins/wpvivid-backuprestore/admin/partials/images/storage-microsoft-onedrive(gray).png HTTP/1.1" 200 1368 "https://peggy.designsfunnelserver.com/wp-admin/admin.php?page=WPvivid" "Mozilla/5.0 (Windows NT 10.0; Win64; x64) AppleWebKit/537.36 (KHTML, like Gecko) Chrome/142.0.0.0 Safari/537.36"
146.70.102.13 - - [01/Dec/2025:18:36:40 +0000] "GET /wp-content/plugins/wpvivid-backuprestore/admin/partials/images/storage-amazon-s3(gray).png HTTP/1.1" 200 1447 "https://peggy.designsfunnelserver.com/wp-admin/admin.php?page=WPvivid" "Mozilla/5.0 (Windows NT 10.0; Win64; x64) AppleWebKit/537.36 (KHTML, like Gecko) Chrome/142.0.0.0 Safari/537.36"
146.70.102.13 - - [01/Dec/2025:18:36:40 +0000] "GET /wp-content/plugins/wpvivid-backuprestore/admin/partials/images/storage-dropbox(gray).png HTTP/1.1" 200 1576 "https://peggy.designsfunnelserver.com/wp-admin/admin.php?page=WPvivid" "Mozilla/5.0 (Windows NT 10.0; Win64; x64) AppleWebKit/537.36 (KHTML, like Gecko) Chrome/142.0.0.0 Safari/537.36"
146.70.102.13 - - [01/Dec/2025:18:36:40 +0000] "GET /wp-content/plugins/wpvivid-backuprestore/admin/partials/images/add-storages.png HTTP/1.1" 200 1153 "https://peggy.designsfunnelserver.com/wp-admin/admin.php?page=WPvivid" "Mozilla/5.0 (Windows NT 10.0; Win64; x64) AppleWebKit/537.36 (KHTML, like Gecko) Chrome/142.0.0.0 Safari/537.36"
146.70.102.13 - - [01/Dec/2025:18:36:40 +0000] "GET /wp-json/wp/v2/ HTTP/1.1" 404 - "https://peggy.designsfunnelserver.com/wp-admin/admin.php?page=WPvivid" "Mozilla/5.0 (Windows NT 10.0; Win64; x64) AppleWebKit/537.36 (KHTML, like Gecko) Chrome/142.0.0.0 Safari/537.36"
146.70.102.13 - - [01/Dec/2025:18:36:40 +0000] "GET /wp-content/plugins/wpvivid-backuprestore/admin/partials/images/stroage-google-drive.png HTTP/1.1" 200 4150 "https://peggy.designsfunnelserver.com/wp-admin/admin.php?page=WPvivid" "Mozilla/5.0 (Windows NT 10.0; Win64; x64) AppleWebKit/537.36 (KHTML, like Gecko) Chrome/142.0.0.0 Safari/537.36"
146.70.102.13 - - [01/Dec/2025:18:36:40 +0000] "GET /wp-cron.php HTTP/1.1" 200 - "https://peggy.designsfunnelserver.com/wp-admin/admin.php?page=WPvivid" "Mozilla/5.0 (Windows NT 10.0; Win64; x64) AppleWebKit/537.36 (KHTML, like Gecko) Chrome/142.0.0.0 Safari/537.36"
146.70.102.13 - - [01/Dec/2025:18:36:41 +0000] "GET /wp-content/plugins/wpvivid-backuprestore/admin/partials/images/storage-dropbox.png HTTP/1.1" 200 4206 "https://peggy.designsfunnelserver.com/wp-admin/admin.php?page=WPvivid" "Mozilla/5.0 (Windows NT 10.0; Win64; x64) AppleWebKit/537.36 (KHTML, like Gecko) Chrome/142.0.0.0 Safari/537.36"
146.70.102.13 - - [01/Dec/2025:18:36:41 +0000] "GET /wp-content/plugins/wpvivid-backuprestore/admin/partials/images/storage-microsoft-onedrive.png HTTP/1.1" 200 4025 "https://peggy.designsfunnelserver.com/wp-admin/admin.php?page=WPvivid" "Mozilla/5.0 (Windows NT 10.0; Win64; x64) AppleWebKit/537.36 (KHTML, like Gecko) Chrome/142.0.0.0 Safari/537.36"
146.70.102.13 - - [01/Dec/2025:18:36:41 +0000] "GET /wp-content/plugins/wpvivid-backuprestore/admin/partials/images/storage-digitalocean(gray).png HTTP/1.1" 200 1442 "https://peggy.designsfunnelserver.com/wp-admin/admin.php?page=WPvivid" "Mozilla/5.0 (Windows NT 10.0; Win64; x64) AppleWebKit/537.36 (KHTML, like Gecko) Chrome/142.0.0.0 Safari/537.36"
146.70.102.13 - - [01/Dec/2025:18:36:41 +0000] "GET /wp-content/plugins/wpvivid-backuprestore/admin/partials/images/storage-amazon-s3.png HTTP/1.1" 200 4078 "https://peggy.designsfunnelserver.com/wp-admin/admin.php?page=WPvivid" "Mozilla/5.0 (Windows NT 10.0; Win64; x64) AppleWebKit/537.36 (KHTML, like Gecko) Chrome/142.0.0.0 Safari/537.36"
146.70.102.13 - - [01/Dec/2025:18:36:41 +0000] "GET /wp-content/plugins/wpvivid-backuprestore/admin/partials/images/storage-digitalocean.png HTTP/1.1" 200 1407 "https://peggy.designsfunnelserver.com/wp-admin/admin.php?page=WPvivid" "Mozilla/5.0 (Windows NT 10.0; Win64; x64) AppleWebKit/537.36 (KHTML, like Gecko) Chrome/142.0.0.0 Safari/537.36"
146.70.102.13 - - [01/Dec/2025:18:36:41 +0000] "GET /wp-content/plugins/wpvivid-backuprestore/admin/partials/images/storage-sftp.png HTTP/1.1" 200 1297 "https://peggy.designsfunnelserver.com/wp-admin/admin.php?page=WPvivid" "Mozilla/5.0 (Windows NT 10.0; Win64; x64) AppleWebKit/537.36 (KHTML, like Gecko) Chrome/142.0.0.0 Safari/537.36"
146.70.102.13 - - [01/Dec/2025:18:36:41 +0000] "GET /wp-content/plugins/wpvivid-backuprestore/admin/partials/images/storage-ftp.png HTTP/1.1" 200 1208 "https://peggy.designsfunnelserver.com/wp-admin/admin.php?page=WPvivid" "Mozilla/5.0 (Windows NT 10.0; Win64; x64) AppleWebKit/537.36 (KHTML, like Gecko) Chrome/142.0.0.0 Safari/537.36"
146.70.102.13 - - [01/Dec/2025:18:36:39 +0000] "POST /wp-admin/admin-ajax.php HTTP/1.1" 200 67 "https://peggy.designsfunnelserver.com/wp-admin/" "Mozilla/5.0 (Windows NT 10.0; Win64; x64) AppleWebKit/537.36 (KHTML, like Gecko) Chrome/142.0.0.0 Safari/537.36"
146.70.102.13 - - [01/Dec/2025:18:36:40 +0000] "POST /wp-admin/admin-ajax.php HTTP/1.1" 200 178 "https://peggy.designsfunnelserver.com/wp-admin/admin.php?page=WPvivid" "Mozilla/5.0 (Windows NT 10.0; Win64; x64) AppleWebKit/537.36 (KHTML, like Gecko) Chrome/142.0.0.0 Safari/537.36"
199.192.21.156 - - [01/Dec/2025:18:36:49 +0000] "POST /wp-cron.php?doing_wp_cron=1764614209.8849239349365234375000 HTTP/1.1" 200 - "-" "WordPress/6.8.3; https://peggy.designsfunnelserver.com"
146.70.102.13 - - [01/Dec/2025:18:36:47 +0000] "POST /wp-admin/admin-ajax.php HTTP/1.1" 200 178 "https://peggy.designsfunnelserver.com/wp-admin/admin.php?page=WPvivid" "Mozilla/5.0 (Windows NT 10.0; Win64; x64) AppleWebKit/537.36 (KHTML, like Gecko) Chrome/142.0.0.0 Safari/537.36"
146.70.102.13 - - [01/Dec/2025:18:36:48 +0000] "POST /wp-admin/admin-ajax.php HTTP/1.1" 200 862 "https://peggy.designsfunnelserver.com/wp-admin/admin.php?page=WPvivid" "Mozilla/5.0 (Windows NT 10.0; Win64; x64) AppleWebKit/537.36 (KHTML, like Gecko) Chrome/142.0.0.0 Safari/537.36"
146.70.102.13 - - [01/Dec/2025:18:36:53 +0000] "POST /wp-admin/admin-ajax.php HTTP/1.1" 200 2853 "https://peggy.designsfunnelserver.com/wp-admin/admin.php?page=WPvivid" "Mozilla/5.0 (Windows NT 10.0; Win64; x64) AppleWebKit/537.36 (KHTML, like Gecko) Chrome/142.0.0.0 Safari/537.36"
146.70.102.13 - - [01/Dec/2025:18:37:00 +0000] "POST /wp-admin/admin-ajax.php HTTP/1.1" 200 2942 "https://peggy.designsfunnelserver.com/wp-admin/admin.php?page=WPvivid" "Mozilla/5.0 (Windows NT 10.0; Win64; x64) AppleWebKit/537.36 (KHTML, like Gecko) Chrome/142.0.0.0 Safari/537.36"
146.70.102.13 - - [01/Dec/2025:18:37:08 +0000] "POST /wp-admin/admin-ajax.php HTTP/1.1" 200 2951 "https://peggy.designsfunnelserver.com/wp-admin/admin.php?page=WPvivid" "Mozilla/5.0 (Windows NT 10.0; Win64; x64) AppleWebKit/537.36 (KHTML, like Gecko) Chrome/142.0.0.0 Safari/537.36"
199.192.21.156 - - [01/Dec/2025:18:37:17 +0000] "POST /wp-cron.php?doing_wp_cron=1764614237.4751679897308349609375 HTTP/1.1" 200 - "-" "WordPress/6.8.3; https://peggy.designsfunnelserver.com"
146.70.102.13 - - [01/Dec/2025:18:37:14 +0000] "POST /wp-admin/admin-ajax.php HTTP/1.1" 200 2970 "https://peggy.designsfunnelserver.com/wp-admin/admin.php?page=WPvivid" "Mozilla/5.0 (Windows NT 10.0; Win64; x64) AppleWebKit/537.36 (KHTML, like Gecko) Chrome/142.0.0.0 Safari/537.36"
146.70.102.13 - - [01/Dec/2025:18:37:20 +0000] "POST /wp-admin/admin-ajax.php HTTP/1.1" 200 2970 "https://peggy.designsfunnelserver.com/wp-admin/admin.php?page=WPvivid" "Mozilla/5.0 (Windows NT 10.0; Win64; x64) AppleWebKit/537.36 (KHTML, like Gecko) Chrome/142.0.0.0 Safari/537.36"
199.192.21.156 - - [01/Dec/2025:18:37:30 +0000] "POST /wp-cron.php?doing_wp_cron=1764614250.7178239822387695312500 HTTP/1.1" 200 - "-" "WordPress/6.8.3; https://peggy.designsfunnelserver.com"
146.70.102.13 - - [01/Dec/2025:18:37:27 +0000] "POST /wp-admin/admin-ajax.php HTTP/1.1" 200 2972 "https://peggy.designsfunnelserver.com/wp-admin/admin.php?page=WPvivid" "Mozilla/5.0 (Windows NT 10.0; Win64; x64) AppleWebKit/537.36 (KHTML, like Gecko) Chrome/142.0.0.0 Safari/537.36"
146.70.102.13 - - [01/Dec/2025:18:37:34 +0000] "POST /wp-admin/admin-ajax.php HTTP/1.1" 200 2971 "https://peggy.designsfunnelserver.com/wp-admin/admin.php?page=WPvivid" "Mozilla/5.0 (Windows NT 10.0; Win64; x64) AppleWebKit/537.36 (KHTML, like Gecko) Chrome/142.0.0.0 Safari/537.36"
146.70.102.13 - - [01/Dec/2025:18:37:40 +0000] "POST /wp-admin/admin-ajax.php HTTP/1.1" 200 2971 "https://peggy.designsfunnelserver.com/wp-admin/admin.php?page=WPvivid" "Mozilla/5.0 (Windows NT 10.0; Win64; x64) AppleWebKit/537.36 (KHTML, like Gecko) Chrome/142.0.0.0 Safari/537.36"
199.192.21.156 - - [01/Dec/2025:18:37:46 +0000] "POST /wp-cron.php?doing_wp_cron=1764614266.1407349109649658203125 HTTP/1.1" 200 - "-" "WordPress/6.8.3; https://peggy.designsfunnelserver.com"
146.70.102.13 - - [01/Dec/2025:18:37:41 +0000] "POST /wp-admin/admin-ajax.php HTTP/1.1" 200 67 "https://peggy.designsfunnelserver.com/wp-admin/admin.php?page=WPvivid" "Mozilla/5.0 (Windows NT 10.0; Win64; x64) AppleWebKit/537.36 (KHTML, like Gecko) Chrome/142.0.0.0 Safari/537.36"
146.70.102.13 - - [01/Dec/2025:18:37:47 +0000] "POST /wp-admin/admin-ajax.php HTTP/1.1" 200 3387 "https://peggy.designsfunnelserver.com/wp-admin/admin.php?page=WPvivid" "Mozilla/5.0 (Windows NT 10.0; Win64; x64) AppleWebKit/537.36 (KHTML, like Gecko) Chrome/142.0.0.0 Safari/537.36"
146.70.102.13 - - [01/Dec/2025:18:37:53 +0000] "POST /wp-admin/admin-ajax.php HTTP/1.1" 200 3480 "https://peggy.designsfunnelserver.com/wp-admin/admin.php?page=WPvivid" "Mozilla/5.0 (Windows NT 10.0; Win64; x64) AppleWebKit/537.36 (KHTML, like Gecko) Chrome/142.0.0.0 Safari/537.36"
146.70.102.13 - - [01/Dec/2025:18:38:00 +0000] "POST /wp-admin/admin-ajax.php HTTP/1.1" 200 4083 "https://peggy.designsfunnelserver.com/wp-admin/admin.php?page=WPvivid" "Mozilla/5.0 (Windows NT 10.0; Win64; x64) AppleWebKit/537.36 (KHTML, like Gecko) Chrome/142.0.0.0 Safari/537.36"
146.70.102.13 - - [01/Dec/2025:18:38:07 +0000] "POST /wp-admin/admin-ajax.php HTTP/1.1" 200 4164 "https://peggy.designsfunnelserver.com/wp-admin/admin.php?page=WPvivid" "Mozilla/5.0 (Windows NT 10.0; Win64; x64) AppleWebKit/537.36 (KHTML, like Gecko) Chrome/142.0.0.0 Safari/537.36"
146.70.102.13 - - [01/Dec/2025:18:38:10 +0000] "POST /wp-admin/admin-ajax.php HTTP/1.1" 200 67 "https://peggy.designsfunnelserver.com/wp-admin/" "Mozilla/5.0 (Windows NT 10.0; Win64; x64) AppleWebKit/537.36 (KHTML, like Gecko) Chrome/142.0.0.0 Safari/537.36"
146.70.102.13 - - [01/Dec/2025:18:36:52 +0000] "POST /wp-admin/admin-ajax.php HTTP/1.1" 200 54 "https://peggy.designsfunnelserver.com/wp-admin/admin.php?page=WPvivid" "Mozilla/5.0 (Windows NT 10.0; Win64; x64) AppleWebKit/537.36 (KHTML, like Gecko) Chrome/142.0.0.0 Safari/537.36"
146.70.102.13 - - [01/Dec/2025:18:38:13 +0000] "POST /wp-admin/admin-ajax.php HTTP/1.1" 200 4120 "https://peggy.designsfunnelserver.com/wp-admin/admin.php?page=WPvivid" "Mozilla/5.0 (Windows NT 10.0; Win64; x64) AppleWebKit/537.36 (KHTML, like Gecko) Chrome/142.0.0.0 Safari/537.36"
146.70.102.13 - - [01/Dec/2025:18:38:17 +0000] "POST /wp-admin/admin-ajax.php HTTP/1.1" 200 363 "https://peggy.designsfunnelserver.com/wp-admin/admin.php?page=WPvivid" "Mozilla/5.0 (Windows NT 10.0; Win64; x64) AppleWebKit/537.36 (KHTML, like Gecko) Chrome/142.0.0.0 Safari/537.36"
146.70.102.13 - - [01/Dec/2025:18:38:20 +0000] "GET /wp-content/plugins/wpvivid-backuprestore/admin/partials/images/Log.png HTTP/1.1" 200 1154 "https://peggy.designsfunnelserver.com/wp-admin/admin.php?page=WPvivid" "Mozilla/5.0 (Windows NT 10.0; Win64; x64) AppleWebKit/537.36 (KHTML, like Gecko) Chrome/142.0.0.0 Safari/537.36"
146.70.102.13 - - [01/Dec/2025:18:38:17 +0000] "POST /wp-admin/admin-ajax.php HTTP/1.1" 200 1072 "https://peggy.designsfunnelserver.com/wp-admin/admin.php?page=WPvivid" "Mozilla/5.0 (Windows NT 10.0; Win64; x64) AppleWebKit/537.36 (KHTML, like Gecko) Chrome/142.0.0.0 Safari/537.36"
146.70.102.13 - - [01/Dec/2025:18:38:22 +0000] "GET /wp-content/plugins/wpvivid-backuprestore/admin/partials/images/unlocked.png HTTP/1.1" 200 1207 "https://peggy.designsfunnelserver.com/wp-admin/admin.php?page=WPvivid" "Mozilla/5.0 (Windows NT 10.0; Win64; x64) AppleWebKit/537.36 (KHTML, like Gecko) Chrome/142.0.0.0 Safari/537.36"
146.70.102.13 - - [01/Dec/2025:18:38:22 +0000] "GET /wp-content/plugins/wpvivid-backuprestore/admin/partials/images/download.png HTTP/1.1" 200 1213 "https://peggy.designsfunnelserver.com/wp-admin/admin.php?page=WPvivid" "Mozilla/5.0 (Windows NT 10.0; Win64; x64) AppleWebKit/537.36 (KHTML, like Gecko) Chrome/142.0.0.0 Safari/537.36"
146.70.102.13 - - [01/Dec/2025:18:38:22 +0000] "GET /wp-content/plugins/wpvivid-backuprestore/admin/partials/images/storage-local.png HTTP/1.1" 200 1432 "https://peggy.designsfunnelserver.com/wp-admin/admin.php?page=WPvivid" "Mozilla/5.0 (Windows NT 10.0; Win64; x64) AppleWebKit/537.36 (KHTML, like Gecko) Chrome/142.0.0.0 Safari/537.36"
146.70.102.13 - - [01/Dec/2025:18:38:23 +0000] "GET /wp-content/plugins/wpvivid-backuprestore/admin/partials/images/Restore.png HTTP/1.1" 200 1367 "https://peggy.designsfunnelserver.com/wp-admin/admin.php?page=WPvivid" "Mozilla/5.0 (Windows NT 10.0; Win64; x64) AppleWebKit/537.36 (KHTML, like Gecko) Chrome/142.0.0.0 Safari/537.36"
146.70.102.13 - - [01/Dec/2025:18:38:23 +0000] "GET /wp-content/plugins/wpvivid-backuprestore/admin/partials/images/Delete.png HTTP/1.1" 200 1209 "https://peggy.designsfunnelserver.com/wp-admin/admin.php?page=WPvivid" "Mozilla/5.0 (Windows NT 10.0; Win64; x64) AppleWebKit/537.36 (KHTML, like Gecko) Chrome/142.0.0.0 Safari/537.36"
146.70.102.13 - - [01/Dec/2025:18:38:20 +0000] "POST /wp-admin/admin-ajax.php HTTP/1.1" 200 178 "https://peggy.designsfunnelserver.com/wp-admin/admin.php?page=WPvivid" "Mozilla/5.0 (Windows NT 10.0; Win64; x64) AppleWebKit/537.36 (KHTML, like Gecko) Chrome/142.0.0.0 Safari/537.36"
146.70.102.13 - - [01/Dec/2025:18:38:25 +0000] "POST /wp-admin/admin-ajax.php HTTP/1.1" 200 637 "https://peggy.designsfunnelserver.com/wp-admin/admin.php?page=WPvivid" "Mozilla/5.0 (Windows NT 10.0; Win64; x64) AppleWebKit/537.36 (KHTML, like Gecko) Chrome/142.0.0.0 Safari/537.36"
146.70.102.13 - - [01/Dec/2025:18:38:27 +0000] "POST /wp-admin/admin-ajax.php HTTP/1.1" 200 178 "https://peggy.designsfunnelserver.com/wp-admin/admin.php?page=WPvivid" "Mozilla/5.0 (Windows NT 10.0; Win64; x64) AppleWebKit/537.36 (KHTML, like Gecko) Chrome/142.0.0.0 Safari/537.36"
146.70.102.13 - - [01/Dec/2025:18:38:33 +0000] "POST /wp-admin/admin-ajax.php HTTP/1.1" 200 178 "https://peggy.designsfunnelserver.com/wp-admin/admin.php?page=WPvivid" "Mozilla/5.0 (Windows NT 10.0; Win64; x64) AppleWebKit/537.36 (KHTML, like Gecko) Chrome/142.0.0.0 Safari/537.36"
146.70.102.13 - - [01/Dec/2025:18:38:40 +0000] "POST /wp-admin/admin-ajax.php HTTP/1.1" 200 178 "https://peggy.designsfunnelserver.com/wp-admin/admin.php?page=WPvivid" "Mozilla/5.0 (Windows NT 10.0; Win64; x64) AppleWebKit/537.36 (KHTML, like Gecko) Chrome/142.0.0.0 Safari/537.36"
199.192.21.156 - - [01/Dec/2025:18:38:45 +0000] "POST /wp-cron.php?doing_wp_cron=1764614325.1933550834655761718750 HTTP/1.1" 200 - "-" "WordPress/6.8.3; https://peggy.designsfunnelserver.com"
146.70.102.13 - - [01/Dec/2025:18:38:40 +0000] "POST /wp-admin/admin-ajax.php HTTP/1.1" 200 67 "https://peggy.designsfunnelserver.com/wp-admin/admin.php?page=WPvivid" "Mozilla/5.0 (Windows NT 10.0; Win64; x64) AppleWebKit/537.36 (KHTML, like Gecko) Chrome/142.0.0.0 Safari/537.36"
146.70.102.13 - - [01/Dec/2025:18:39:40 +0000] "GET /wp-cron.php HTTP/1.1" 200 - "https://peggy.designsfunnelserver.com/wp-admin/admin.php?page=WPvivid" "Mozilla/5.0 (Windows NT 10.0; Win64; x64) AppleWebKit/537.36 (KHTML, like Gecko) Chrome/142.0.0.0 Safari/537.36"
199.192.21.156 - - [01/Dec/2025:18:39:44 +0000] "POST /wp-cron.php?doing_wp_cron=1764614384.4489340782165527343750 HTTP/1.1" 200 - "-" "WordPress/6.8.3; https://peggy.designsfunnelserver.com"
146.70.102.13 - - [01/Dec/2025:18:39:41 +0000] "POST /wp-admin/admin-ajax.php HTTP/1.1" 200 67 "https://peggy.designsfunnelserver.com/wp-admin/admin.php?page=WPvivid" "Mozilla/5.0 (Windows NT 10.0; Win64; x64) AppleWebKit/537.36 (KHTML, like Gecko) Chrome/142.0.0.0 Safari/537.36"
146.70.102.13 - - [01/Dec/2025:18:39:52 +0000] "POST /wp-admin/admin-ajax.php HTTP/1.1" 200 178 "https://peggy.designsfunnelserver.com/wp-admin/admin.php?page=WPvivid" "Mozilla/5.0 (Windows NT 10.0; Win64; x64) AppleWebKit/537.36 (KHTML, like Gecko) Chrome/142.0.0.0 Safari/537.36"
146.70.102.13 - - [01/Dec/2025:18:40:11 +0000] "POST /wp-admin/admin-ajax.php HTTP/1.1" 200 67 "https://peggy.designsfunnelserver.com/wp-admin/" "Mozilla/5.0 (Windows NT 10.0; Win64; x64) AppleWebKit/537.36 (KHTML, like Gecko) Chrome/142.0.0.0 Safari/537.36"
199.192.21.156 - - [01/Dec/2025:18:40:45 +0000] "POST /wp-cron.php?doing_wp_cron=1764614445.4845941066741943359375 HTTP/1.1" 200 - "-" "WordPress/6.8.3; https://peggy.designsfunnelserver.com"
146.70.102.13 - - [01/Dec/2025:18:40:42 +0000] "POST /wp-admin/admin-ajax.php HTTP/1.1" 200 67 "https://peggy.designsfunnelserver.com/wp-admin/admin.php?page=WPvivid" "Mozilla/5.0 (Windows NT 10.0; Win64; x64) AppleWebKit/537.36 (KHTML, like Gecko) Chrome/142.0.0.0 Safari/537.36"
199.192.21.156 - - [01/Dec/2025:18:42:16 +0000] "POST /wp-cron.php?doing_wp_cron=1764614536.0743420124053955078125 HTTP/1.1" 200 - "-" "WordPress/6.8.3; https://peggy.designsfunnelserver.com"
146.70.102.13 - - [01/Dec/2025:18:42:12 +0000] "POST /wp-admin/admin-ajax.php HTTP/1.1" 200 67 "https://peggy.designsfunnelserver.com/wp-admin/" "Mozilla/5.0 (Windows NT 10.0; Win64; x64) AppleWebKit/537.36 (KHTML, like Gecko) Chrome/142.0.0.0 Safari/537.36"
146.70.102.13 - - [01/Dec/2025:18:42:19 +0000] "POST /wp-admin/admin-ajax.php HTTP/1.1" 200 67 "https://peggy.designsfunnelserver.com/wp-admin/admin.php?page=WPvivid" "Mozilla/5.0 (Windows NT 10.0; Win64; x64) AppleWebKit/537.36 (KHTML, like Gecko) Chrome/142.0.0.0 Safari/537.36"
146.70.102.13 - - [01/Dec/2025:18:42:40 +0000] "GET /wp-cron.php HTTP/1.1" 200 - "https://peggy.designsfunnelserver.com/wp-admin/admin.php?page=WPvivid" "Mozilla/5.0 (Windows NT 10.0; Win64; x64) AppleWebKit/537.36 (KHTML, like Gecko) Chrome/142.0.0.0 Safari/537.36"
199.192.21.156 - - [01/Dec/2025:18:42:55 +0000] "POST /wp-cron.php?doing_wp_cron=1764614575.6455540657043457031250 HTTP/1.1" 200 - "-" "WordPress/6.8.3; https://peggy.designsfunnelserver.com"
146.70.102.13 - - [01/Dec/2025:18:42:52 +0000] "POST /wp-admin/admin-ajax.php HTTP/1.1" 200 178 "https://peggy.designsfunnelserver.com/wp-admin/admin.php?page=WPvivid" "Mozilla/5.0 (Windows NT 10.0; Win64; x64) AppleWebKit/537.36 (KHTML, like Gecko) Chrome/142.0.0.0 Safari/537.36"
146.70.102.13 - - [01/Dec/2025:18:43:09 +0000] "POST /wp-admin/admin-ajax.php HTTP/1.1" 200 48 "https://peggy.designsfunnelserver.com/wp-admin/admin.php?page=WPvivid" "Mozilla/5.0 (Windows NT 10.0; Win64; x64) AppleWebKit/537.36 (KHTML, like Gecko) Chrome/142.0.0.0 Safari/537.36"
199.192.21.156 - - [01/Dec/2025:20:29:17 +0000] "POST /wp-cron.php?doing_wp_cron=1764620957.0651750564575195312500 HTTP/1.1" 200 - "-" "WordPress/6.8.3; https://peggy.designsfunnelserver.com"
199.192.21.156 - - [01/Dec/2025:20:29:17 +0000] "POST /wp-cron.php?doing_wp_cron=1764620957.2233169078826904296875 HTTP/1.1" 200 - "-" "WordPress/6.8.3; https://peggy.designsfunnelserver.com"
40.77.167.15 - - [01/Dec/2025:20:29:10 +0000] "GET / HTTP/1.1" 200 42485 "-" "Mozilla/5.0 AppleWebKit/537.36 (KHTML, like Gecko; compatible; bingbot/2.0; +http://www.bing.com/bingbot.htm) Chrome/116.0.1938.76 Safari/537.36"
199.192.21.156 - - [02/Dec/2025:01:26:06 +0000] "POST /wp-cron.php?doing_wp_cron=1764638766.9378221035003662109375 HTTP/1.1" 200 - "-" "WordPress/6.8.3; https://peggy.designsfunnelserver.com"
199.192.21.156 - - [02/Dec/2025:01:26:07 +0000] "POST /wp-cron.php?doing_wp_cron=1764638767.0787611007690429687500 HTTP/1.1" 200 - "-" "WordPress/6.8.3; https://peggy.designsfunnelserver.com"
52.208.151.205 - - [02/Dec/2025:01:26:00 +0000] "GET / HTTP/1.1" 200 42486 "-" "Mozilla/5.0 (Macintosh; Intel Mac OS X 10_15_7) AppleWebKit/605.1.15 (KHTML, like Gecko) Version/17.1 Safari/605.1.15"
199.192.21.156 - - [02/Dec/2025:05:21:31 +0000] "POST /wp-cron.php?doing_wp_cron=1764652891.0241849422454833984375 HTTP/1.1" 200 - "-" "WordPress/6.8.3; https://peggy.designsfunnelserver.com"
199.192.21.156 - - [02/Dec/2025:05:21:45 +0000] "POST /wp-cron.php?doing_wp_cron=1764652905.1058409214019775390625 HTTP/1.1" 200 - "-" "WordPress/6.8.3; https://peggy.designsfunnelserver.com"
199.192.21.156 - - [02/Dec/2025:06:35:30 +0000] "POST /wp-cron.php?doing_wp_cron=1764657330.4009580612182617187500 HTTP/1.1" 200 - "-" "WordPress/6.8.3; https://peggy.designsfunnelserver.com"
104.210.140.131 - - [02/Dec/2025:09:59:26 +0000] "GET /robots.txt HTTP/1.1" 404 - "-" "Mozilla/5.0 (Macintosh; Intel Mac OS X 10_15_7) AppleWebKit/537.36 (KHTML, like Gecko) Chrome/131.0.0.0 Safari/537.36; compatible; OAI-SearchBot/1.0; +https://openai.com/searchbot"
199.192.21.156 - - [02/Dec/2025:11:45:45 +0000] "POST /wp-cron.php?doing_wp_cron=1764675945.7014470100402832031250 HTTP/1.1" 200 - "-" "WordPress/6.8.3; https://peggy.designsfunnelserver.com"
199.192.21.156 - - [02/Dec/2025:11:45:45 +0000] "POST /wp-cron.php?doing_wp_cron=1764675945.8373260498046875000000 HTTP/1.1" 200 - "-" "WordPress/6.8.3; https://peggy.designsfunnelserver.com"
15.235.60.218 - - [02/Dec/2025:11:45:40 +0000] "GET / HTTP/1.1" 200 40641 "-" "Mozilla/5.0 (X11; Linux x86_64) AppleWebKit/537.36 (KHTML, like Gecko) HeadlessChrome/142.0.0.0 Safari/537.36"
15.235.60.218 - - [02/Dec/2025:11:45:51 +0000] "GET /wp-content/themes/astra/assets/css/minified/main.min.css?ver=4.1.3 HTTP/1.1" 200 8101 "https://peggy.designsfunnelserver.com/" "Mozilla/5.0 (X11; Linux x86_64) AppleWebKit/537.36 (KHTML, like Gecko) HeadlessChrome/142.0.0.0 Safari/537.36"
15.235.60.218 - - [02/Dec/2025:11:45:51 +0000] "GET /wp-content/uploads/premium-addons-elementor/pa-frontend-91d39f0a7.min.css?ver=1764675946 HTTP/1.1" 200 6493 "https://peggy.designsfunnelserver.com/" "Mozilla/5.0 (X11; Linux x86_64) AppleWebKit/537.36 (KHTML, like Gecko) HeadlessChrome/142.0.0.0 Safari/537.36"
15.235.60.218 - - [02/Dec/2025:11:45:51 +0000] "GET /wp-content/plugins/woocommerce/packages/woocommerce-blocks/build/wc-blocks-vendors-style.css?ver=9.6.6 HTTP/1.1" 200 1966 "https://peggy.designsfunnelserver.com/" "Mozilla/5.0 (X11; Linux x86_64) AppleWebKit/537.36 (KHTML, like Gecko) HeadlessChrome/142.0.0.0 Safari/537.36"
15.235.60.218 - - [02/Dec/2025:11:45:51 +0000] "GET /wp-content/plugins/yith-woocommerce-wishlist/assets/css/jquery.selectBox.css?ver=1.2.0 HTTP/1.1" 200 812 "https://peggy.designsfunnelserver.com/" "Mozilla/5.0 (X11; Linux x86_64) AppleWebKit/537.36 (KHTML, like Gecko) HeadlessChrome/142.0.0.0 Safari/537.36"
15.235.60.218 - - [02/Dec/2025:11:45:51 +0000] "GET /wp-content/plugins/yith-woocommerce-wishlist/assets/css/font-awesome.css?ver=4.7.0 HTTP/1.1" 200 6968 "https://peggy.designsfunnelserver.com/" "Mozilla/5.0 (X11; Linux x86_64) AppleWebKit/537.36 (KHTML, like Gecko) HeadlessChrome/142.0.0.0 Safari/537.36"
15.235.60.218 - - [02/Dec/2025:11:45:51 +0000] "GET /wp-includes/css/dist/block-library/style.min.css?ver=6.8.3 HTTP/1.1" 200 15315 "https://peggy.designsfunnelserver.com/" "Mozilla/5.0 (X11; Linux x86_64) AppleWebKit/537.36 (KHTML, like Gecko) HeadlessChrome/142.0.0.0 Safari/537.36"
15.235.60.218 - - [02/Dec/2025:11:45:51 +0000] "GET /wp-content/plugins/woocommerce/packages/woocommerce-blocks/build/wc-blocks-style.css?ver=9.6.6 HTTP/1.1" 200 26964 "https://peggy.designsfunnelserver.com/" "Mozilla/5.0 (X11; Linux x86_64) AppleWebKit/537.36 (KHTML, like Gecko) HeadlessChrome/142.0.0.0 Safari/537.36"
15.235.60.218 - - [02/Dec/2025:11:45:51 +0000] "GET /wp-content/plugins/woocommerce/assets/css/prettyPhoto.css?ver=3.1.6 HTTP/1.1" 200 2025 "https://peggy.designsfunnelserver.com/" "Mozilla/5.0 (X11; Linux x86_64) AppleWebKit/537.36 (KHTML, like Gecko) HeadlessChrome/142.0.0.0 Safari/537.36"
15.235.60.218 - - [02/Dec/2025:11:45:51 +0000] "GET /wp-content/plugins/yith-woocommerce-wishlist/assets/css/style.css?ver=3.19.0 HTTP/1.1" 200 4857 "https://peggy.designsfunnelserver.com/" "Mozilla/5.0 (X11; Linux x86_64) AppleWebKit/537.36 (KHTML, like Gecko) HeadlessChrome/142.0.0.0 Safari/537.36"
15.235.60.218 - - [02/Dec/2025:11:45:51 +0000] "GET /wp-content/plugins/elementor/assets/lib/font-awesome/css/v4-shims.min.css?ver=1.0 HTTP/1.1" 200 4229 "https://peggy.designsfunnelserver.com/" "Mozilla/5.0 (X11; Linux x86_64) AppleWebKit/537.36 (KHTML, like Gecko) HeadlessChrome/142.0.0.0 Safari/537.36"
15.235.60.218 - - [02/Dec/2025:11:45:51 +0000] "GET /wp-content/plugins/addon-elements-for-elementor-page-builder/assets/css/eae.min.css?ver=1.12.2 HTTP/1.1" 200 17883 "https://peggy.designsfunnelserver.com/" "Mozilla/5.0 (X11; Linux x86_64) AppleWebKit/537.36 (KHTML, like Gecko) HeadlessChrome/142.0.0.0 Safari/537.36"
15.235.60.218 - - [02/Dec/2025:11:45:51 +0000] "GET /wp-content/plugins/elementor/assets/lib/font-awesome/css/all.min.css?ver=4.9.53 HTTP/1.1" 200 12869 "https://peggy.designsfunnelserver.com/" "Mozilla/5.0 (X11; Linux x86_64) AppleWebKit/537.36 (KHTML, like Gecko) HeadlessChrome/142.0.0.0 Safari/537.36"
15.235.60.218 - - [02/Dec/2025:11:45:51 +0000] "GET /wp-content/plugins/addon-elements-for-elementor-page-builder/assets/lib/vegas/vegas.min.css?ver=2.4.0 HTTP/1.1" 200 1239 "https://peggy.designsfunnelserver.com/" "Mozilla/5.0 (X11; Linux x86_64) AppleWebKit/537.36 (KHTML, like Gecko) HeadlessChrome/142.0.0.0 Safari/537.36"
15.235.60.218 - - [02/Dec/2025:11:45:52 +0000] "GET /wp-content/themes/astra/assets/css/minified/compatibility/contact-form-7-main.min.css?ver=4.1.3 HTTP/1.1" 200 424 "https://peggy.designsfunnelserver.com/" "Mozilla/5.0 (X11; Linux x86_64) AppleWebKit/537.36 (KHTML, like Gecko) HeadlessChrome/142.0.0.0 Safari/537.36"
15.235.60.218 - - [02/Dec/2025:11:45:52 +0000] "GET /wp-content/plugins/contact-form-7/includes/css/styles.css?ver=5.7.6 HTTP/1.1" 200 1004 "https://peggy.designsfunnelserver.com/" "Mozilla/5.0 (X11; Linux x86_64) AppleWebKit/537.36 (KHTML, like Gecko) HeadlessChrome/142.0.0.0 Safari/537.36"
15.235.60.218 - - [02/Dec/2025:11:45:52 +0000] "GET /wp-content/plugins/date-time-picker-for-contact-form-7/assets/css/jquery.datetimepicker.min.css?ver=1.0.0 HTTP/1.1" 200 4493 "https://peggy.designsfunnelserver.com/" "Mozilla/5.0 (X11; Linux x86_64) AppleWebKit/537.36 (KHTML, like Gecko) HeadlessChrome/142.0.0.0 Safari/537.36"
15.235.60.218 - - [02/Dec/2025:11:45:52 +0000] "GET /wp-content/themes/astra/assets/css/minified/compatibility/woocommerce/woocommerce-layout-grid.min.css?ver=4.1.3 HTTP/1.1" 200 1921 "https://peggy.designsfunnelserver.com/" "Mozilla/5.0 (X11; Linux x86_64) AppleWebKit/537.36 (KHTML, like Gecko) HeadlessChrome/142.0.0.0 Safari/537.36"
15.235.60.218 - - [02/Dec/2025:11:45:52 +0000] "GET /wp-content/themes/astra/assets/css/minified/compatibility/woocommerce/woocommerce-grid.min.css?ver=4.1.3 HTTP/1.1" 200 15966 "https://peggy.designsfunnelserver.com/" "Mozilla/5.0 (X11; Linux x86_64) AppleWebKit/537.36 (KHTML, like Gecko) HeadlessChrome/142.0.0.0 Safari/537.36"
15.235.60.218 - - [02/Dec/2025:11:45:52 +0000] "GET /wp-content/plugins/bookly-responsive-appointment-booking-tool/frontend/resources/css/picker.classic.css?ver=21.1 HTTP/1.1" 200 603 "https://peggy.designsfunnelserver.com/" "Mozilla/5.0 (X11; Linux x86_64) AppleWebKit/537.36 (KHTML, like Gecko) HeadlessChrome/142.0.0.0 Safari/537.36"
15.235.60.218 - - [02/Dec/2025:11:45:52 +0000] "GET /wp-content/plugins/bookly-responsive-appointment-booking-tool/frontend/resources/css/ladda.min.css?ver=21.1 HTTP/1.1" 200 1519 "https://peggy.designsfunnelserver.com/" "Mozilla/5.0 (X11; Linux x86_64) AppleWebKit/537.36 (KHTML, like Gecko) HeadlessChrome/142.0.0.0 Safari/537.36"
15.235.60.218 - - [02/Dec/2025:11:45:52 +0000] "GET /wp-content/plugins/bookly-responsive-appointment-booking-tool/frontend/resources/css/picker.classic.date.css?ver=21.1 HTTP/1.1" 200 1080 "https://peggy.designsfunnelserver.com/" "Mozilla/5.0 (X11; Linux x86_64) AppleWebKit/537.36 (KHTML, like Gecko) HeadlessChrome/142.0.0.0 Safari/537.36"
15.235.60.218 - - [02/Dec/2025:11:45:52 +0000] "GET /wp-content/plugins/bookly-responsive-appointment-booking-tool/frontend/resources/css/intlTelInput.css?ver=21.1 HTTP/1.1" 200 3151 "https://peggy.designsfunnelserver.com/" "Mozilla/5.0 (X11; Linux x86_64) AppleWebKit/537.36 (KHTML, like Gecko) HeadlessChrome/142.0.0.0 Safari/537.36"
15.235.60.218 - - [02/Dec/2025:11:45:52 +0000] "GET /wp-content/plugins/bookly-responsive-appointment-booking-tool/frontend/resources/css/bookly-main.css?ver=21.1 HTTP/1.1" 200 6406 "https://peggy.designsfunnelserver.com/" "Mozilla/5.0 (X11; Linux x86_64) AppleWebKit/537.36 (KHTML, like Gecko) HeadlessChrome/142.0.0.0 Safari/537.36"
15.235.60.218 - - [02/Dec/2025:11:45:52 +0000] "GET /wp-content/plugins/elementor/assets/lib/swiper/v8/css/swiper.min.css?ver=8.4.5 HTTP/1.1" 200 4583 "https://peggy.designsfunnelserver.com/" "Mozilla/5.0 (X11; Linux x86_64) AppleWebKit/537.36 (KHTML, like Gecko) HeadlessChrome/142.0.0.0 Safari/537.36"
15.235.60.218 - - [02/Dec/2025:11:45:52 +0000] "GET /wp-content/plugins/elementor/assets/css/frontend-lite.min.css?ver=3.12.1 HTTP/1.1" 200 10777 "https://peggy.designsfunnelserver.com/" "Mozilla/5.0 (X11; Linux x86_64) AppleWebKit/537.36 (KHTML, like Gecko) HeadlessChrome/142.0.0.0 Safari/537.36"
15.235.60.218 - - [02/Dec/2025:11:45:52 +0000] "GET /wp-content/uploads/essential-addons-elementor/eael-8.css?ver=1682706994 HTTP/1.1" 200 1629 "https://peggy.designsfunnelserver.com/" "Mozilla/5.0 (X11; Linux x86_64) AppleWebKit/537.36 (KHTML, like Gecko) HeadlessChrome/142.0.0.0 Safari/537.36"
15.235.60.218 - - [02/Dec/2025:11:45:52 +0000] "GET /wp-content/plugins/elementor/assets/lib/eicons/css/elementor-icons.min.css?ver=5.18.0 HTTP/1.1" 200 3977 "https://peggy.designsfunnelserver.com/" "Mozilla/5.0 (X11; Linux x86_64) AppleWebKit/537.36 (KHTML, like Gecko) HeadlessChrome/142.0.0.0 Safari/537.36"
15.235.60.218 - - [02/Dec/2025:11:45:52 +0000] "GET /wp-content/plugins/essential-addons-for-elementor-lite/assets/front-end/css/view/general.min.css?ver=5.7.2 HTTP/1.1" 200 842 "https://peggy.designsfunnelserver.com/" "Mozilla/5.0 (X11; Linux x86_64) AppleWebKit/537.36 (KHTML, like Gecko) HeadlessChrome/142.0.0.0 Safari/537.36"
15.235.60.218 - - [02/Dec/2025:11:45:52 +0000] "GET /wp-content/uploads/elementor/css/post-11.css?ver=1715711717 HTTP/1.1" 200 389 "https://peggy.designsfunnelserver.com/" "Mozilla/5.0 (X11; Linux x86_64) AppleWebKit/537.36 (KHTML, like Gecko) HeadlessChrome/142.0.0.0 Safari/537.36"
15.235.60.218 - - [02/Dec/2025:11:45:52 +0000] "GET /wp-content/plugins/elementor-pro/assets/css/frontend-lite.min.css?ver=3.12.2 HTTP/1.1" 200 1438 "https://peggy.designsfunnelserver.com/" "Mozilla/5.0 (X11; Linux x86_64) AppleWebKit/537.36 (KHTML, like Gecko) HeadlessChrome/142.0.0.0 Safari/537.36"
15.235.60.218 - - [02/Dec/2025:11:45:52 +0000] "GET /wp-content/uploads/elementor/css/post-8.css?ver=1715711725 HTTP/1.1" 200 4546 "https://peggy.designsfunnelserver.com/" "Mozilla/5.0 (X11; Linux x86_64) AppleWebKit/537.36 (KHTML, like Gecko) HeadlessChrome/142.0.0.0 Safari/537.36"
15.235.60.218 - - [02/Dec/2025:11:45:52 +0000] "GET /wp-content/uploads/elementor/css/post-13.css?ver=1715711725 HTTP/1.1" 200 2265 "https://peggy.designsfunnelserver.com/" "Mozilla/5.0 (X11; Linux x86_64) AppleWebKit/537.36 (KHTML, like Gecko) HeadlessChrome/142.0.0.0 Safari/537.36"
15.235.60.218 - - [02/Dec/2025:11:45:52 +0000] "GET /wp-content/uploads/elementor/css/global.css?ver=1715711722 HTTP/1.1" 200 14831 "https://peggy.designsfunnelserver.com/" "Mozilla/5.0 (X11; Linux x86_64) AppleWebKit/537.36 (KHTML, like Gecko) HeadlessChrome/142.0.0.0 Safari/537.36"
15.235.60.218 - - [02/Dec/2025:11:45:52 +0000] "GET /wp-content/plugins/woo-variation-swatches/assets/css/frontend.min.css?ver=1681326191 HTTP/1.1" 200 4270 "https://peggy.designsfunnelserver.com/" "Mozilla/5.0 (X11; Linux x86_64) AppleWebKit/537.36 (KHTML, like Gecko) HeadlessChrome/142.0.0.0 Safari/537.36"
15.235.60.218 - - [02/Dec/2025:11:45:52 +0000] "GET /wp-content/plugins/happy-elementor-addons/assets/fonts/style.min.css?ver=3.8.4 HTTP/1.1" 200 5315 "https://peggy.designsfunnelserver.com/" "Mozilla/5.0 (X11; Linux x86_64) AppleWebKit/537.36 (KHTML, like Gecko) HeadlessChrome/142.0.0.0 Safari/537.36"
15.235.60.218 - - [02/Dec/2025:11:45:52 +0000] "GET /wp-content/plugins/elementor/assets/lib/font-awesome/css/font-awesome.min.css?ver=4.7.0 HTTP/1.1" 200 7052 "https://peggy.designsfunnelserver.com/" "Mozilla/5.0 (X11; Linux x86_64) AppleWebKit/537.36 (KHTML, like Gecko) HeadlessChrome/142.0.0.0 Safari/537.36"
15.235.60.218 - - [02/Dec/2025:11:45:52 +0000] "GET /wp-content/uploads/elementor/css/post-218.css?ver=1715711726 HTTP/1.1" 200 810 "https://peggy.designsfunnelserver.com/" "Mozilla/5.0 (X11; Linux x86_64) AppleWebKit/537.36 (KHTML, like Gecko) HeadlessChrome/142.0.0.0 Safari/537.36"
15.235.60.218 - - [02/Dec/2025:11:45:52 +0000] "GET /wp-content/uploads/elementor/css/post-66.css?ver=1715711726 HTTP/1.1" 200 1194 "https://peggy.designsfunnelserver.com/" "Mozilla/5.0 (X11; Linux x86_64) AppleWebKit/537.36 (KHTML, like Gecko) HeadlessChrome/142.0.0.0 Safari/537.36"
15.235.60.218 - - [02/Dec/2025:11:45:52 +0000] "GET /wp-content/plugins/elementskit-lite/modules/elementskit-icon-pack/assets/css/ekiticons.css?ver=2.8.7 HTTP/1.1" 200 13114 "https://peggy.designsfunnelserver.com/" "Mozilla/5.0 (X11; Linux x86_64) AppleWebKit/537.36 (KHTML, like Gecko) HeadlessChrome/142.0.0.0 Safari/537.36"
15.235.60.218 - - [02/Dec/2025:11:45:52 +0000] "GET /wp-content/plugins/elementskit-lite/widgets/init/assets/css/widget-styles.css?ver=2.8.7 HTTP/1.1" 200 50673 "https://peggy.designsfunnelserver.com/" "Mozilla/5.0 (X11; Linux x86_64) AppleWebKit/537.36 (KHTML, like Gecko) HeadlessChrome/142.0.0.0 Safari/537.36"
15.235.60.218 - - [02/Dec/2025:11:45:52 +0000] "GET /wp-content/plugins/elementskit-lite/widgets/init/assets/css/responsive.css?ver=2.8.7 HTTP/1.1" 200 3150 "https://peggy.designsfunnelserver.com/" "Mozilla/5.0 (X11; Linux x86_64) AppleWebKit/537.36 (KHTML, like Gecko) HeadlessChrome/142.0.0.0 Safari/537.36"
15.235.60.218 - - [02/Dec/2025:11:45:52 +0000] "GET /wp-content/plugins/royal-elementor-addons/assets/css/lib/animations/text-animations.min.css?ver=1.3.67 HTTP/1.1" 200 1516 "https://peggy.designsfunnelserver.com/" "Mozilla/5.0 (X11; Linux x86_64) AppleWebKit/537.36 (KHTML, like Gecko) HeadlessChrome/142.0.0.0 Safari/537.36"
15.235.60.218 - - [02/Dec/2025:11:45:52 +0000] "GET /wp-content/plugins/elementor/assets/lib/font-awesome/css/fontawesome.min.css?ver=5.15.3 HTTP/1.1" 200 12582 "https://peggy.designsfunnelserver.com/" "Mozilla/5.0 (X11; Linux x86_64) AppleWebKit/537.36 (KHTML, like Gecko) HeadlessChrome/142.0.0.0 Safari/537.36"
15.235.60.218 - - [02/Dec/2025:11:45:52 +0000] "GET /wp-content/plugins/elementor/assets/lib/font-awesome/css/regular.min.css?ver=5.15.3 HTTP/1.1" 200 308 "https://peggy.designsfunnelserver.com/" "Mozilla/5.0 (X11; Linux x86_64) AppleWebKit/537.36 (KHTML, like Gecko) HeadlessChrome/142.0.0.0 Safari/537.36"
15.235.60.218 - - [02/Dec/2025:11:45:52 +0000] "GET /wp-content/plugins/royal-elementor-addons/assets/css/frontend.min.css?ver=1.3.67 HTTP/1.1" 200 40707 "https://peggy.designsfunnelserver.com/" "Mozilla/5.0 (X11; Linux x86_64) AppleWebKit/537.36 (KHTML, like Gecko) HeadlessChrome/142.0.0.0 Safari/537.36"
15.235.60.218 - - [02/Dec/2025:11:45:52 +0000] "GET /wp-content/plugins/elementor/assets/lib/font-awesome/css/solid.min.css?ver=5.15.3 HTTP/1.1" 200 309 "https://peggy.designsfunnelserver.com/" "Mozilla/5.0 (X11; Linux x86_64) AppleWebKit/537.36 (KHTML, like Gecko) HeadlessChrome/142.0.0.0 Safari/537.36"
15.235.60.218 - - [02/Dec/2025:11:45:52 +0000] "GET /wp-content/plugins/elementor/assets/lib/font-awesome/css/brands.min.css?ver=5.15.3 HTTP/1.1" 200 308 "https://peggy.designsfunnelserver.com/" "Mozilla/5.0 (X11; Linux x86_64) AppleWebKit/537.36 (KHTML, like Gecko) HeadlessChrome/142.0.0.0 Safari/537.36"
15.235.60.218 - - [02/Dec/2025:11:45:52 +0000] "GET /wp-content/plugins/elementor/assets/css/widget-icon-list.min.css HTTP/1.1" 200 972 "https://peggy.designsfunnelserver.com/" "Mozilla/5.0 (X11; Linux x86_64) AppleWebKit/537.36 (KHTML, like Gecko) HeadlessChrome/142.0.0.0 Safari/537.36"
15.235.60.218 - - [02/Dec/2025:11:45:52 +0000] "GET /wp-content/plugins/elementor-pro/assets/css/widget-nav-menu.min.css HTTP/1.1" 200 3329 "https://peggy.designsfunnelserver.com/" "Mozilla/5.0 (X11; Linux x86_64) AppleWebKit/537.36 (KHTML, like Gecko) HeadlessChrome/142.0.0.0 Safari/537.36"
15.235.60.218 - - [02/Dec/2025:11:45:52 +0000] "GET /wp-includes/js/jquery/jquery.min.js?ver=3.7.1 HTTP/1.1" 200 30368 "https://peggy.designsfunnelserver.com/" "Mozilla/5.0 (X11; Linux x86_64) AppleWebKit/537.36 (KHTML, like Gecko) HeadlessChrome/142.0.0.0 Safari/537.36"
15.235.60.218 - - [02/Dec/2025:11:45:52 +0000] "GET /wp-content/plugins/contact-form-7-paypal-add-on/assets/js/redirect_method.js?ver=1.9.4 HTTP/1.1" 200 1031 "https://peggy.designsfunnelserver.com/" "Mozilla/5.0 (X11; Linux x86_64) AppleWebKit/537.36 (KHTML, like Gecko) HeadlessChrome/142.0.0.0 Safari/537.36"
15.235.60.218 - - [02/Dec/2025:11:45:52 +0000] "GET /wp-content/plugins/bookly-responsive-appointment-booking-tool/frontend/resources/js/spin.min.js?ver=21.1 HTTP/1.1" 200 2082 "https://peggy.designsfunnelserver.com/" "Mozilla/5.0 (X11; Linux x86_64) AppleWebKit/537.36 (KHTML, like Gecko) HeadlessChrome/142.0.0.0 Safari/537.36"
15.235.60.218 - - [02/Dec/2025:11:45:52 +0000] "GET /wp-includes/js/jquery/jquery-migrate.min.js?ver=3.4.1 HTTP/1.1" 200 4872 "https://peggy.designsfunnelserver.com/" "Mozilla/5.0 (X11; Linux x86_64) AppleWebKit/537.36 (KHTML, like Gecko) HeadlessChrome/142.0.0.0 Safari/537.36"
15.235.60.218 - - [02/Dec/2025:11:45:52 +0000] "GET /wp-content/plugins/bookly-responsive-appointment-booking-tool/frontend/resources/js/ladda.min.js?ver=21.1 HTTP/1.1" 200 1633 "https://peggy.designsfunnelserver.com/" "Mozilla/5.0 (X11; Linux x86_64) AppleWebKit/537.36 (KHTML, like Gecko) HeadlessChrome/142.0.0.0 Safari/537.36"
15.235.60.218 - - [02/Dec/2025:11:45:52 +0000] "GET /wp-content/plugins/bookly-responsive-appointment-booking-tool/backend/resources/js/moment.min.js?ver=21.1 HTTP/1.1" 200 12693 "https://peggy.designsfunnelserver.com/" "Mozilla/5.0 (X11; Linux x86_64) AppleWebKit/537.36 (KHTML, like Gecko) HeadlessChrome/142.0.0.0 Safari/537.36"
